Last updated on 2024-08-15 20:48:30 CEST.
Flavor | Version | Tinstall | Tcheck | Ttotal | Status | Flags |
---|---|---|---|---|---|---|
r-devel-linux-x86_64-debian-clang | 1.0.2 | 8.77 | 79.78 | 88.55 | NOTE | |
r-devel-linux-x86_64-debian-gcc | 1.0.2 | 6.52 | 53.17 | 59.69 | NOTE | |
r-devel-linux-x86_64-fedora-clang | 1.0.2 | 141.25 | NOTE | |||
r-devel-linux-x86_64-fedora-gcc | 1.0.2 | 138.33 | NOTE | |||
r-devel-windows-x86_64 | 1.0.2 | 10.00 | 98.00 | 108.00 | NOTE | |
r-patched-linux-x86_64 | 1.0.2 | 9.51 | 74.08 | 83.59 | NOTE | |
r-release-linux-x86_64 | 1.0.2 | 8.88 | 75.32 | 84.20 | NOTE | |
r-release-macos-arm64 | 1.0.2 | 44.00 | NOTE | |||
r-release-macos-x86_64 | 1.0.2 | 59.00 | NOTE | |||
r-release-windows-x86_64 | 1.0.2 | 10.00 | 96.00 | 106.00 | NOTE | |
r-oldrel-macos-arm64 | 1.0.2 | 43.00 | NOTE | |||
r-oldrel-macos-x86_64 | 1.0.2 | 71.00 | NOTE | |||
r-oldrel-windows-x86_64 | 1.0.2 | 13.00 | 117.00 | 130.00 | NOTE |
Version: 1.0.2
Check: LazyData
Result: NOTE
'LazyData' is specified without a 'data' directory
Flavors: r-devel-linux-x86_64-debian-clang, r-devel-linux-x86_64-debian-gcc, r-devel-linux-x86_64-fedora-clang, r-devel-linux-x86_64-fedora-gcc, r-devel-windows-x86_64, r-patched-linux-x86_64, r-release-linux-x86_64, r-release-macos-arm64, r-release-macos-x86_64, r-release-windows-x86_64, r-oldrel-macos-arm64, r-oldrel-macos-x86_64, r-oldrel-windows-x86_64