Last updated on 2024-08-15 20:48:30 CEST.
Flavor | Version | Tinstall | Tcheck | Ttotal | Status | Flags |
---|---|---|---|---|---|---|
r-devel-linux-x86_64-debian-clang | 1.0.1 | 326.68 | 171.40 | 498.08 | OK | |
r-devel-linux-x86_64-debian-gcc | 1.0.1 | 299.76 | 145.74 | 445.50 | OK | |
r-devel-linux-x86_64-fedora-clang | 1.0.1 | 778.57 | NOTE | |||
r-devel-linux-x86_64-fedora-gcc | 1.0.1 | 1075.17 | NOTE | |||
r-devel-windows-x86_64 | 1.0.1 | 316.00 | 198.00 | 514.00 | OK | |
r-patched-linux-x86_64 | 1.0.1 | 377.19 | 193.42 | 570.61 | OK | |
r-release-linux-x86_64 | 1.0.1 | 376.52 | 193.76 | 570.28 | OK | |
r-release-macos-arm64 | 1.0.1 | 195.00 | NOTE | |||
r-release-macos-x86_64 | 1.0.1 | 327.00 | NOTE | |||
r-release-windows-x86_64 | 1.0.1 | 320.00 | 195.00 | 515.00 | OK | |
r-oldrel-macos-arm64 | 1.0.1 | 215.00 | NOTE | |||
r-oldrel-macos-x86_64 | 1.0.1 | 238.00 | NOTE | |||
r-oldrel-windows-x86_64 | 1.0.1 | 416.00 | 240.00 | 656.00 | OK |
Version: 1.0.1
Check: for GNU extensions in Makefiles
Result: NOTE
GNU make is a SystemRequirements.
Flavors: r-devel-linux-x86_64-fedora-clang, r-devel-linux-x86_64-fedora-gcc, r-release-macos-arm64, r-release-macos-x86_64, r-oldrel-macos-arm64, r-oldrel-macos-x86_64
Version: 1.0.1
Check: installed package size
Result: NOTE
installed size is 57.4Mb
sub-directories of 1Mb or more:
libs 57.0Mb
Flavors: r-release-macos-arm64, r-release-macos-x86_64, r-oldrel-macos-arm64, r-oldrel-macos-x86_64