Last updated on 2024-08-15 20:48:30 CEST.
Flavor | Version | Tinstall | Tcheck | Ttotal | Status | Flags |
---|---|---|---|---|---|---|
r-devel-linux-x86_64-debian-clang | 1.0.5 | 16.89 | 30.60 | 47.49 | OK | |
r-devel-linux-x86_64-debian-gcc | 1.0.5 | 10.84 | 22.69 | 33.53 | OK | |
r-devel-linux-x86_64-fedora-clang | 1.0.5 | 74.83 | NOTE | |||
r-devel-linux-x86_64-fedora-gcc | 1.0.5 | 72.63 | NOTE | |||
r-devel-windows-x86_64 | 1.0.5 | 16.00 | 50.00 | 66.00 | OK | |
r-patched-linux-x86_64 | 1.0.5 | 13.27 | 28.54 | 41.81 | OK | |
r-release-linux-x86_64 | 1.0.5 | 15.24 | 28.95 | 44.19 | OK | |
r-release-macos-arm64 | 1.0.5 | 23.00 | OK | |||
r-release-macos-x86_64 | 1.0.5 | 36.00 | OK | |||
r-release-windows-x86_64 | 1.0.5 | 16.00 | 51.00 | 67.00 | OK | |
r-oldrel-macos-arm64 | 1.0.5 | 27.00 | OK | |||
r-oldrel-macos-x86_64 | 1.0.5 | 38.00 | OK | |||
r-oldrel-windows-x86_64 | 1.0.5 | 21.00 | 53.00 | 74.00 | OK |
Version: 1.0.5
Check: dependencies in R code
Result: NOTE
Namespaces in Imports field not imported from:
‘R6’ ‘WRS2’ ‘ggplot2’
All declared Imports should be used.
Flavors: r-devel-linux-x86_64-fedora-clang, r-devel-linux-x86_64-fedora-gcc