Last updated on 2024-08-15 20:48:30 CEST.
Flavor | Version | Tinstall | Tcheck | Ttotal | Status | Flags |
---|---|---|---|---|---|---|
r-devel-linux-x86_64-debian-clang | 0.2.1 | 4.94 | 72.93 | 77.87 | NOTE | |
r-devel-linux-x86_64-debian-gcc | 0.2.1 | 3.55 | 57.99 | 61.54 | NOTE | |
r-devel-linux-x86_64-fedora-clang | 0.2.1 | 124.73 | NOTE | |||
r-devel-linux-x86_64-fedora-gcc | 0.2.1 | 141.65 | NOTE | |||
r-devel-windows-x86_64 | 0.2.1 | 7.00 | 93.00 | 100.00 | NOTE | |
r-patched-linux-x86_64 | 0.2.1 | 4.25 | 70.98 | 75.23 | NOTE | |
r-release-linux-x86_64 | 0.2.1 | 4.72 | 71.88 | 76.60 | NOTE | |
r-release-macos-arm64 | 0.2.1 | 57.00 | NOTE | |||
r-release-macos-x86_64 | 0.2.1 | 75.00 | NOTE | |||
r-release-windows-x86_64 | 0.2.1 | 10.00 | 92.00 | 102.00 | NOTE | |
r-oldrel-macos-arm64 | 0.2.1 | 63.00 | NOTE | |||
r-oldrel-macos-x86_64 | 0.2.1 | 81.00 | NOTE | |||
r-oldrel-windows-x86_64 | 0.2.1 | 8.00 | 101.00 | 109.00 | NOTE |
Version: 0.2.1
Check: LazyData
Result: NOTE
'LazyData' is specified without a 'data' directory
Flavors: r-devel-linux-x86_64-debian-clang, r-devel-linux-x86_64-debian-gcc, r-devel-linux-x86_64-fedora-clang, r-devel-linux-x86_64-fedora-gcc, r-devel-windows-x86_64, r-patched-linux-x86_64, r-release-linux-x86_64, r-release-macos-arm64, r-release-macos-x86_64, r-release-windows-x86_64, r-oldrel-macos-arm64, r-oldrel-macos-x86_64, r-oldrel-windows-x86_64