Last updated on 2024-08-16 09:49:20 CEST.
Flavor | Version | Tinstall | Tcheck | Ttotal | Status | Flags |
---|---|---|---|---|---|---|
r-devel-linux-x86_64-debian-clang | 1.1.5 | 13.88 | 99.56 | 113.44 | NOTE | |
r-devel-linux-x86_64-debian-gcc | 1.1.5 | 9.09 | 66.72 | 75.81 | NOTE | |
r-devel-linux-x86_64-fedora-clang | 1.1.5 | 178.05 | NOTE | |||
r-devel-linux-x86_64-fedora-gcc | 1.1.5 | 174.32 | NOTE | |||
r-devel-windows-x86_64 | 1.1.5 | 16.00 | 116.00 | 132.00 | NOTE | |
r-patched-linux-x86_64 | 1.1.5 | 14.37 | 93.63 | 108.00 | OK | |
r-release-linux-x86_64 | 1.1.5 | 11.59 | 94.24 | 105.83 | OK | |
r-release-macos-arm64 | 1.1.5 | 50.00 | OK | |||
r-release-macos-x86_64 | 1.1.5 | 93.00 | OK | |||
r-release-windows-x86_64 | 1.1.5 | 18.00 | 116.00 | 134.00 | OK | |
r-oldrel-macos-arm64 | 1.1.5 | 55.00 | OK | |||
r-oldrel-macos-x86_64 | 1.1.5 | 89.00 | OK | |||
r-oldrel-windows-x86_64 | 1.1.5 | 20.00 | 140.00 | 160.00 | OK |
Version: 1.1.5
Check: Rd cross-references
Result: NOTE
Found the following Rd file(s) with Rd \link{} targets missing package
anchors:
Vine-class.Rd: copula-class
Vine-distribution.Rd: cubature
h-methods.Rd: copula-class
hinverse-methods.Rd: copula-class
vineFit.Rd: copula-class
vineOrder.Rd: solve_TSP
vineParameters.Rd: copula-class
Please provide package anchors for all Rd \link{} targets not in the
package itself and the base packages.
Flavors: r-devel-linux-x86_64-debian-clang, r-devel-linux-x86_64-debian-gcc, r-devel-windows-x86_64
Version: 1.1.5
Check: compiled code
Result: NOTE
File ‘vines/libs/vines.so’:
Found no call to: ‘R_useDynamicSymbols’
It is good practice to register native routines and to disable symbol
search.
See ‘Writing portable packages’ in the ‘Writing R Extensions’ manual.
Flavors: r-devel-linux-x86_64-fedora-clang, r-devel-linux-x86_64-fedora-gcc