Last updated on 2024-08-15 20:48:30 CEST.
Flavor | Version | Tinstall | Tcheck | Ttotal | Status | Flags |
---|---|---|---|---|---|---|
r-devel-linux-x86_64-debian-clang | 1.0-5 | 19.50 | 114.98 | 134.48 | NOTE | |
r-devel-linux-x86_64-debian-gcc | 1.0-5 | 12.34 | 77.96 | 90.30 | NOTE | |
r-devel-linux-x86_64-fedora-clang | 1.0-5 | 208.47 | OK | |||
r-devel-linux-x86_64-fedora-gcc | 1.0-5 | 211.75 | OK | |||
r-devel-windows-x86_64 | 1.0-5 | 22.00 | 118.00 | 140.00 | NOTE | |
r-patched-linux-x86_64 | 1.0-5 | 23.16 | 104.20 | 127.36 | OK | |
r-release-linux-x86_64 | 1.0-5 | 18.54 | 106.35 | 124.89 | OK | |
r-release-macos-arm64 | 1.0-5 | 53.00 | OK | |||
r-release-macos-x86_64 | 1.0-5 | 86.00 | OK | |||
r-release-windows-x86_64 | 1.0-5 | 25.00 | 122.00 | 147.00 | OK | |
r-oldrel-macos-arm64 | 1.0-5 | 55.00 | OK | |||
r-oldrel-macos-x86_64 | 1.0-5 | 143.00 | OK | |||
r-oldrel-windows-x86_64 | 1.0-5 | 28.00 | 148.00 | 176.00 | OK |
Version: 1.0-5
Check: Rd cross-references
Result: NOTE
Found the following Rd file(s) with Rd \link{} targets missing package
anchors:
olmm-control.Rd: ucminf
tvcm-plot.Rd: plot.party
tvcm.Rd: party, partynode
Please provide package anchors for all Rd \link{} targets not in the
package itself and the base packages.
Flavors: r-devel-linux-x86_64-debian-clang, r-devel-linux-x86_64-debian-gcc, r-devel-windows-x86_64