Last updated on 2025-02-17 02:51:26 CET.
Flavor | Version | Tinstall | Tcheck | Ttotal | Status | Flags |
---|---|---|---|---|---|---|
r-devel-linux-x86_64-debian-clang | 0.5.2 | 5.83 | 54.44 | 60.27 | NOTE | |
r-devel-linux-x86_64-debian-gcc | 0.5.2 | 4.09 | 38.07 | 42.16 | NOTE | |
r-devel-linux-x86_64-fedora-clang | 0.5.2 | 98.05 | NOTE | |||
r-devel-linux-x86_64-fedora-gcc | 0.5.2 | 93.56 | NOTE | |||
r-devel-macos-arm64 | 0.5.2 | 30.00 | OK | |||
r-devel-macos-x86_64 | 0.5.2 | 62.00 | NOTE | |||
r-devel-windows-x86_64 | 0.5.2 | 8.00 | 74.00 | 82.00 | NOTE | |
r-patched-linux-x86_64 | 0.5.2 | 6.74 | 50.41 | 57.15 | OK | |
r-release-linux-x86_64 | 0.5.2 | 5.76 | 50.91 | 56.67 | OK | |
r-release-macos-arm64 | 0.5.2 | 31.00 | OK | |||
r-release-macos-x86_64 | 0.5.2 | 47.00 | OK | |||
r-release-windows-x86_64 | 0.5.2 | 9.00 | 73.00 | 82.00 | OK | |
r-oldrel-macos-arm64 | 0.5.2 | 33.00 | OK | |||
r-oldrel-macos-x86_64 | 0.5.2 | 50.00 | OK | |||
r-oldrel-windows-x86_64 | 0.5.2 | 10.00 | 86.00 | 96.00 | OK |
Version: 0.5.2
Check: DESCRIPTION meta-information
Result: NOTE
Missing dependency on R >= 4.1.0 because package code uses the pipe
|> or function shorthand \(...) syntax added in R 4.1.0.
File(s) using such syntax:
‘intersection_powerset.R’ ‘pr.R’
Flavors: r-devel-linux-x86_64-debian-clang, r-devel-linux-x86_64-debian-gcc, r-devel-linux-x86_64-fedora-clang, r-devel-linux-x86_64-fedora-gcc, r-devel-macos-x86_64, r-devel-windows-x86_64