Last updated on 2025-02-17 02:51:26 CET.
Flavor | Version | Tinstall | Tcheck | Ttotal | Status | Flags |
---|---|---|---|---|---|---|
r-devel-linux-x86_64-debian-clang | 1.0.2 | 10.75 | 52.85 | 63.60 | NOTE | |
r-devel-linux-x86_64-debian-gcc | 1.0.2 | 7.85 | 39.25 | 47.10 | NOTE | |
r-devel-linux-x86_64-fedora-clang | 1.0.2 | 103.27 | NOTE | |||
r-devel-linux-x86_64-fedora-gcc | 1.0.2 | 108.66 | NOTE | |||
r-devel-macos-arm64 | 1.0.2 | 50.00 | NOTE | |||
r-devel-macos-x86_64 | 1.0.2 | 110.00 | NOTE | |||
r-devel-windows-x86_64 | 1.0.2 | 13.00 | 76.00 | 89.00 | NOTE | |
r-patched-linux-x86_64 | 1.0.2 | 10.94 | 50.76 | 61.70 | NOTE | |
r-release-linux-x86_64 | 1.0.2 | 10.24 | 50.49 | 60.73 | NOTE | |
r-release-macos-arm64 | 1.0.2 | 58.00 | NOTE | |||
r-release-macos-x86_64 | 1.0.2 | 78.00 | NOTE | |||
r-release-windows-x86_64 | 1.0.2 | 13.00 | 75.00 | 88.00 | NOTE | |
r-oldrel-macos-arm64 | 1.0.2 | 46.00 | NOTE | |||
r-oldrel-macos-x86_64 | 1.0.2 | 72.00 | NOTE | |||
r-oldrel-windows-x86_64 | 1.0.2 | 16.00 | 84.00 | 100.00 | NOTE |
Version: 1.0.2
Check: package subdirectories
Result: NOTE
Problems with news in ‘NEWS.md’:
Cannot extract version info from the following section titles:
uktrans_get is fixed when start_date is used (#2)
Extra layer of of NULL returns to fail gracefully with an informative message.
Removed travis & appveyor and using gh_actions instead.
Using gh-pages to create the pkgdown website.
Create an app as vignette page to search with the help of uklr.
Flavors: r-devel-linux-x86_64-debian-clang, r-devel-linux-x86_64-debian-gcc, r-devel-linux-x86_64-fedora-clang, r-devel-linux-x86_64-fedora-gcc, r-devel-macos-arm64, r-devel-macos-x86_64, r-devel-windows-x86_64, r-patched-linux-x86_64, r-release-linux-x86_64, r-release-macos-arm64, r-release-macos-x86_64, r-release-windows-x86_64, r-oldrel-macos-arm64, r-oldrel-macos-x86_64, r-oldrel-windows-x86_64
Version: 1.0.2
Check: installed package size
Result: NOTE
installed size is 5.6Mb
sub-directories of 1Mb or more:
data 5.3Mb
Flavors: r-release-macos-arm64, r-release-macos-x86_64, r-oldrel-macos-arm64, r-oldrel-macos-x86_64