Last updated on 2024-08-15 20:48:29 CEST.
Flavor | Version | Tinstall | Tcheck | Ttotal | Status | Flags |
---|---|---|---|---|---|---|
r-devel-linux-x86_64-debian-clang | 1.0.0 | 33.04 | 126.58 | 159.62 | NOTE | |
r-devel-linux-x86_64-debian-gcc | 1.0.0 | 24.36 | 86.66 | 111.02 | NOTE | |
r-devel-linux-x86_64-fedora-clang | 1.0.0 | 261.84 | NOTE | |||
r-devel-linux-x86_64-fedora-gcc | 1.0.0 | 262.71 | NOTE | |||
r-devel-windows-x86_64 | 1.0.0 | 36.00 | 144.00 | 180.00 | NOTE | |
r-patched-linux-x86_64 | 1.0.0 | 34.00 | 115.43 | 149.43 | NOTE | |
r-release-linux-x86_64 | 1.0.0 | 32.35 | 116.83 | 149.18 | NOTE | |
r-release-macos-arm64 | 1.0.0 | 65.00 | NOTE | |||
r-release-macos-x86_64 | 1.0.0 | 102.00 | NOTE | |||
r-release-windows-x86_64 | 1.0.0 | 38.00 | 149.00 | 187.00 | NOTE | |
r-oldrel-macos-arm64 | 1.0.0 | 79.00 | OK | |||
r-oldrel-macos-x86_64 | 1.0.0 | 127.00 | OK | |||
r-oldrel-windows-x86_64 | 1.0.0 | 48.00 | 184.00 | 232.00 | OK |
Version: 1.0.0
Check: Rd files
Result: NOTE
checkRd: (-1) tsBSS-package.Rd:23: Lost braces in \itemize; meant \describe ?
checkRd: (-1) tsBSS-package.Rd:24: Lost braces in \itemize; meant \describe ?
checkRd: (-1) tsBSS-package.Rd:25: Lost braces in \itemize; meant \describe ?
checkRd: (-1) tsBSS-package.Rd:26: Lost braces in \itemize; meant \describe ?
checkRd: (-1) tsBSS-package.Rd:27: Lost braces in \itemize; meant \describe ?
checkRd: (-1) tsBSS-package.Rd:28: Lost braces in \itemize; meant \describe ?
checkRd: (-1) tsBSS-package.Rd:34: Lost braces in \itemize; meant \describe ?
Flavors: r-devel-linux-x86_64-debian-clang, r-devel-linux-x86_64-debian-gcc, r-devel-linux-x86_64-fedora-clang, r-devel-linux-x86_64-fedora-gcc, r-devel-windows-x86_64, r-patched-linux-x86_64, r-release-linux-x86_64, r-release-macos-arm64, r-release-macos-x86_64, r-release-windows-x86_64