Last updated on 2024-08-16 09:49:19 CEST.
Flavor | Version | Tinstall | Tcheck | Ttotal | Status | Flags |
---|---|---|---|---|---|---|
r-devel-linux-x86_64-debian-clang | 0.0.3 | 130.93 | 685.13 | 816.06 | NOTE | |
r-devel-linux-x86_64-debian-gcc | 0.0.3 | 117.23 | 207.84 | 325.07 | NOTE | |
r-devel-linux-x86_64-fedora-clang | 0.0.3 | 1429.57 | NOTE | |||
r-devel-linux-x86_64-fedora-gcc | 0.0.3 | 949.27 | NOTE | |||
r-devel-windows-x86_64 | 0.0.3 | 127.00 | 458.00 | 585.00 | NOTE | |
r-patched-linux-x86_64 | 0.0.3 | 151.18 | 292.65 | 443.83 | NOTE | |
r-release-linux-x86_64 | 0.0.3 | 150.33 | 293.95 | 444.28 | NOTE | |
r-release-macos-arm64 | 0.0.3 | 203.00 | NOTE | |||
r-release-macos-x86_64 | 0.0.3 | 385.00 | NOTE | |||
r-release-windows-x86_64 | 0.0.3 | 123.00 | 447.00 | 570.00 | NOTE | |
r-oldrel-macos-arm64 | 0.0.3 | 205.00 | NOTE | |||
r-oldrel-macos-x86_64 | 0.0.3 | 465.00 | NOTE | |||
r-oldrel-windows-x86_64 | 0.0.3 | 172.00 | 528.00 | 700.00 | NOTE |
Version: 0.0.3
Check: for GNU extensions in Makefiles
Result: NOTE
GNU make is a SystemRequirements.
Flavors: r-devel-linux-x86_64-debian-clang, r-devel-linux-x86_64-debian-gcc, r-devel-linux-x86_64-fedora-clang, r-devel-linux-x86_64-fedora-gcc, r-devel-windows-x86_64, r-patched-linux-x86_64, r-release-linux-x86_64, r-release-macos-arm64, r-release-macos-x86_64, r-release-windows-x86_64, r-oldrel-macos-arm64, r-oldrel-macos-x86_64, r-oldrel-windows-x86_64
Version: 0.0.3
Check: installed package size
Result: NOTE
installed size is 40.7Mb
sub-directories of 1Mb or more:
libs 40.5Mb
Flavors: r-release-macos-arm64, r-release-macos-x86_64, r-oldrel-macos-arm64, r-oldrel-macos-x86_64