Last updated on 2024-08-16 09:49:19 CEST.
Flavor | Version | Tinstall | Tcheck | Ttotal | Status | Flags |
---|---|---|---|---|---|---|
r-devel-linux-x86_64-debian-clang | 1.0.91 | 125.93 | 137.27 | 263.20 | NOTE | |
r-devel-linux-x86_64-debian-gcc | 1.0.91 | 114.39 | 109.20 | 223.59 | NOTE | |
r-devel-linux-x86_64-fedora-clang | 1.0.91 | 418.91 | NOTE | |||
r-devel-linux-x86_64-fedora-gcc | 1.0.91 | 524.18 | NOTE | |||
r-devel-windows-x86_64 | 1.0.91 | 129.00 | 153.00 | 282.00 | NOTE | |
r-patched-linux-x86_64 | 1.0.91 | 146.20 | 140.70 | 286.90 | NOTE | |
r-release-linux-x86_64 | 1.0.91 | 152.10 | 140.96 | 293.06 | NOTE | |
r-release-macos-arm64 | 1.0.91 | 105.00 | NOTE | |||
r-release-macos-x86_64 | 1.0.91 | 180.00 | NOTE | |||
r-release-windows-x86_64 | 1.0.91 | 123.00 | 153.00 | 276.00 | NOTE | |
r-oldrel-macos-arm64 | 1.0.91 | 84.00 | NOTE | |||
r-oldrel-macos-x86_64 | 1.0.91 | 214.00 | NOTE | |||
r-oldrel-windows-x86_64 | 1.0.91 | 163.00 | 185.00 | 348.00 | NOTE |
Version: 1.0.91
Check: for GNU extensions in Makefiles
Result: NOTE
GNU make is a SystemRequirements.
Flavors: r-devel-linux-x86_64-debian-clang, r-devel-linux-x86_64-debian-gcc, r-devel-linux-x86_64-fedora-clang, r-devel-linux-x86_64-fedora-gcc, r-devel-windows-x86_64, r-patched-linux-x86_64, r-release-linux-x86_64, r-release-macos-arm64, r-release-macos-x86_64, r-release-windows-x86_64, r-oldrel-macos-arm64, r-oldrel-macos-x86_64, r-oldrel-windows-x86_64
Version: 1.0.91
Check: installed package size
Result: NOTE
installed size is 47.0Mb
sub-directories of 1Mb or more:
libs 46.7Mb
Flavors: r-release-macos-arm64, r-release-macos-x86_64, r-oldrel-macos-arm64, r-oldrel-macos-x86_64