Last updated on 2025-02-17 02:51:25 CET.
Flavor | Version | Tinstall | Tcheck | Ttotal | Status | Flags |
---|---|---|---|---|---|---|
r-devel-linux-x86_64-debian-clang | 1.0.0 | 1.69 | 17.67 | 19.36 | NOTE | |
r-devel-linux-x86_64-debian-gcc | 1.0.0 | 1.34 | 14.21 | 15.55 | NOTE | |
r-devel-linux-x86_64-fedora-clang | 1.0.0 | 31.63 | NOTE | |||
r-devel-linux-x86_64-fedora-gcc | 1.0.0 | 114.76 | NOTE | |||
r-devel-macos-arm64 | 1.0.0 | 38.00 | NOTE | |||
r-devel-macos-x86_64 | 1.0.0 | 125.00 | NOTE | |||
r-devel-windows-x86_64 | 1.0.0 | 2.00 | 41.00 | 43.00 | NOTE | |
r-patched-linux-x86_64 | 1.0.0 | 1.63 | 16.78 | 18.41 | NOTE | |
r-release-linux-x86_64 | 1.0.0 | 1.48 | 16.70 | 18.18 | NOTE | |
r-release-macos-arm64 | 1.0.0 | 38.00 | NOTE | |||
r-release-macos-x86_64 | 1.0.0 | 72.00 | NOTE | |||
r-release-windows-x86_64 | 1.0.0 | 2.00 | 46.00 | 48.00 | NOTE | |
r-oldrel-macos-arm64 | 1.0.0 | 33.00 | NOTE | |||
r-oldrel-macos-x86_64 | 1.0.0 | 80.00 | NOTE | |||
r-oldrel-windows-x86_64 | 1.0.0 | 2.00 | 40.00 | 42.00 | NOTE |
Version: 1.0.0
Check: Rd files
Result: NOTE
checkRd: (-1) shoulders.Rd:21: Lost braces in \itemize; \value handles \item{}{} directly
checkRd: (-1) shoulders.Rd:22: Lost braces in \itemize; \value handles \item{}{} directly
checkRd: (-1) shoulders.Rd:23: Lost braces in \itemize; \value handles \item{}{} directly
Flavors: r-devel-linux-x86_64-debian-clang, r-devel-linux-x86_64-debian-gcc, r-devel-linux-x86_64-fedora-clang, r-devel-linux-x86_64-fedora-gcc, r-devel-macos-arm64, r-devel-macos-x86_64, r-devel-windows-x86_64, r-patched-linux-x86_64, r-release-linux-x86_64, r-release-macos-arm64, r-release-macos-x86_64, r-release-windows-x86_64
Version: 1.0.0
Check: LazyData
Result: NOTE
'LazyData' is specified without a 'data' directory
Flavors: r-patched-linux-x86_64, r-release-linux-x86_64, r-release-macos-arm64, r-release-macos-x86_64, r-release-windows-x86_64, r-oldrel-macos-arm64, r-oldrel-macos-x86_64, r-oldrel-windows-x86_64