CRAN Package Check Results for Package textgRid

Last updated on 2025-02-17 02:51:25 CET.

Flavor Version Tinstall Tcheck Ttotal Status Flags
r-devel-linux-x86_64-debian-clang 1.0.1 1.63 22.47 24.10 OK
r-devel-linux-x86_64-debian-gcc 1.0.1 1.65 18.09 19.74 OK
r-devel-linux-x86_64-fedora-clang 1.0.1 39.77 OK
r-devel-linux-x86_64-fedora-gcc 1.0.1 39.28 OK
r-devel-macos-arm64 1.0.1 17.00 OK
r-devel-macos-x86_64 1.0.1 30.00 OK
r-devel-windows-x86_64 1.0.1 3.00 50.00 53.00 OK
r-patched-linux-x86_64 1.0.1 2.22 21.48 23.70 NOTE
r-release-linux-x86_64 1.0.1 1.79 21.46 23.25 NOTE
r-release-macos-arm64 1.0.1 18.00 NOTE
r-release-macos-x86_64 1.0.1 23.00 NOTE
r-release-windows-x86_64 1.0.1 3.00 52.00 55.00 NOTE
r-oldrel-macos-arm64 1.0.1 17.00 NOTE
r-oldrel-macos-x86_64 1.0.1 23.00 NOTE
r-oldrel-windows-x86_64 1.0.1 3.00 76.00 79.00 NOTE

Check Details

Version: 1.0.1
Check: LazyData
Result: NOTE 'LazyData' is specified without a 'data' directory Flavors: r-patched-linux-x86_64, r-release-linux-x86_64, r-release-macos-arm64, r-release-macos-x86_64, r-release-windows-x86_64, r-oldrel-macos-arm64, r-oldrel-macos-x86_64, r-oldrel-windows-x86_64