Last updated on 2024-08-15 20:48:28 CEST.
Flavor | Version | Tinstall | Tcheck | Ttotal | Status | Flags |
---|---|---|---|---|---|---|
r-devel-linux-x86_64-debian-clang | 0.2.0 | 5.91 | 63.05 | 68.96 | OK | |
r-devel-linux-x86_64-debian-gcc | 0.2.0 | 4.47 | 46.69 | 51.16 | OK | |
r-devel-linux-x86_64-fedora-clang | 0.2.0 | 135.94 | NOTE | |||
r-devel-linux-x86_64-fedora-gcc | 0.2.0 | 142.49 | NOTE | |||
r-devel-windows-x86_64 | 0.2.0 | 7.00 | 98.00 | 105.00 | OK | |
r-patched-linux-x86_64 | 0.2.0 | 4.94 | 59.93 | 64.87 | OK | |
r-release-linux-x86_64 | 0.2.0 | 5.46 | 59.09 | 64.55 | OK | |
r-release-macos-arm64 | 0.2.0 | 66.00 | OK | |||
r-release-macos-x86_64 | 0.2.0 | 90.00 | OK | |||
r-release-windows-x86_64 | 0.2.0 | 8.00 | 98.00 | 106.00 | OK | |
r-oldrel-macos-arm64 | 0.2.0 | 52.00 | OK | |||
r-oldrel-macos-x86_64 | 0.2.0 | 89.00 | OK | |||
r-oldrel-windows-x86_64 | 0.2.0 | 10.00 | 99.00 | 109.00 | OK |
Version: 0.2.0
Check: for detritus in the temp directory
Result: NOTE
Found the following files/directories:
‘par-7269706c6579’
Flavors: r-devel-linux-x86_64-fedora-clang, r-devel-linux-x86_64-fedora-gcc