Last updated on 2024-08-16 09:49:18 CEST.
Flavor | Version | Tinstall | Tcheck | Ttotal | Status | Flags |
---|---|---|---|---|---|---|
r-devel-linux-x86_64-debian-clang | 0.1.3 | 5.61 | 378.56 | 384.17 | WARN | |
r-devel-linux-x86_64-debian-gcc | 0.1.3 | 3.73 | 204.96 | 208.69 | WARN | |
r-devel-linux-x86_64-fedora-clang | 0.1.3 | 541.49 | WARN | |||
r-devel-linux-x86_64-fedora-gcc | 0.1.3 | 690.33 | WARN | |||
r-devel-windows-x86_64 | 0.1.3 | 106.00 | 472.00 | 578.00 | WARN | |
r-patched-linux-x86_64 | 0.1.3 | 4.97 | 335.31 | 340.28 | OK | |
r-release-linux-x86_64 | 0.1.3 | 5.11 | 331.01 | 336.12 | OK | |
r-release-macos-arm64 | 0.1.3 | 229.00 | OK | |||
r-release-macos-x86_64 | 0.1.3 | 959.00 | OK | |||
r-release-windows-x86_64 | 0.1.3 | 103.00 | 482.00 | 585.00 | OK | |
r-oldrel-macos-arm64 | 0.1.3 | 229.00 | OK | |||
r-oldrel-macos-x86_64 | 0.1.3 | 1232.00 | OK | |||
r-oldrel-windows-x86_64 | 0.1.3 | 91.00 | 499.00 | 590.00 | OK |
Version: 0.1.3
Check: ‘build’ directory
Result: WARN
Source(s) listed in 'build/vignette.rds' but not in package:
‘tensorEVD-documentation.Rmd’
Flavors: r-devel-linux-x86_64-debian-clang, r-devel-linux-x86_64-debian-gcc, r-devel-linux-x86_64-fedora-clang, r-devel-linux-x86_64-fedora-gcc, r-devel-windows-x86_64