Last updated on 2025-02-17 02:51:25 CET.
Flavor | Version | Tinstall | Tcheck | Ttotal | Status | Flags |
---|---|---|---|---|---|---|
r-devel-linux-x86_64-debian-clang | 0.2.0 | 7.58 | 70.11 | 77.69 | NOTE | |
r-devel-linux-x86_64-debian-gcc | 0.2.0 | 5.86 | 47.79 | 53.65 | NOTE | |
r-devel-linux-x86_64-fedora-clang | 0.2.0 | 128.73 | NOTE | |||
r-devel-linux-x86_64-fedora-gcc | 0.2.0 | 132.53 | NOTE | |||
r-devel-macos-arm64 | 0.2.0 | 38.00 | OK | |||
r-devel-macos-x86_64 | 0.2.0 | 72.00 | NOTE | |||
r-devel-windows-x86_64 | 0.2.0 | 11.00 | 101.00 | 112.00 | NOTE | |
r-patched-linux-x86_64 | 0.2.0 | 9.46 | 66.12 | 75.58 | OK | |
r-release-linux-x86_64 | 0.2.0 | 8.43 | 65.76 | 74.19 | OK | |
r-release-macos-arm64 | 0.2.0 | 37.00 | OK | |||
r-release-macos-x86_64 | 0.2.0 | 87.00 | OK | |||
r-release-windows-x86_64 | 0.2.0 | 11.00 | 108.00 | 119.00 | OK | |
r-oldrel-macos-arm64 | 0.2.0 | 41.00 | OK | |||
r-oldrel-macos-x86_64 | 0.2.0 | 74.00 | OK | |||
r-oldrel-windows-x86_64 | 0.2.0 | 15.00 | 119.00 | 134.00 | OK |
Version: 0.2.0
Check: DESCRIPTION meta-information
Result: NOTE
Missing dependency on R >= 4.1.0 because package code uses the pipe
|> or function shorthand \(...) syntax added in R 4.1.0.
File(s) using such syntax:
‘plott.R’ ‘read_cats_csv.R’
Flavors: r-devel-linux-x86_64-debian-clang, r-devel-linux-x86_64-debian-gcc, r-devel-linux-x86_64-fedora-clang, r-devel-linux-x86_64-fedora-gcc, r-devel-macos-x86_64, r-devel-windows-x86_64