Last updated on 2025-02-17 02:51:25 CET.
Flavor | Version | Tinstall | Tcheck | Ttotal | Status | Flags |
---|---|---|---|---|---|---|
r-devel-linux-x86_64-debian-clang | 0.1.6 | 34.76 | 106.00 | 140.76 | NOTE | |
r-devel-linux-x86_64-debian-gcc | 0.1.6 | 26.40 | 78.21 | 104.61 | NOTE | |
r-devel-linux-x86_64-fedora-clang | 0.1.6 | 246.72 | NOTE | |||
r-devel-linux-x86_64-fedora-gcc | 0.1.6 | 251.46 | NOTE | |||
r-devel-macos-arm64 | 0.1.6 | 95.00 | NOTE | |||
r-devel-macos-x86_64 | 0.1.6 | 218.00 | NOTE | |||
r-devel-windows-x86_64 | 0.1.6 | 42.00 | 214.00 | 256.00 | NOTE | |
r-patched-linux-x86_64 | 0.1.6 | 36.72 | 100.99 | 137.71 | NOTE | |
r-release-linux-x86_64 | 0.1.6 | 34.84 | 101.79 | 136.63 | NOTE | |
r-release-macos-arm64 | 0.1.6 | 94.00 | NOTE | |||
r-release-macos-x86_64 | 0.1.6 | 168.00 | NOTE | |||
r-release-windows-x86_64 | 0.1.6 | 43.00 | 220.00 | 263.00 | NOTE | |
r-oldrel-macos-arm64 | 0.1.6 | 102.00 | OK | |||
r-oldrel-macos-x86_64 | 0.1.6 | 178.00 | OK | |||
r-oldrel-windows-x86_64 | 0.1.6 | 55.00 | 237.00 | 292.00 | OK |
Version: 0.1.6
Check: Rd files
Result: NOTE
checkRd: (-1) robCov.Rd:19-20: Lost braces in \itemize; \value handles \item{}{} directly
checkRd: (-1) robCov.Rd:21: Lost braces in \itemize; \value handles \item{}{} directly
checkRd: (-1) robCov.Rd:22: Lost braces in \itemize; \value handles \item{}{} directly
checkRd: (-1) robCov.Rd:23: Lost braces in \itemize; \value handles \item{}{} directly
checkRd: (-1) slice.Rd:28: Lost braces
28 | before plotting {ex: \code{trans = c(s = "exp", d = "exp")}}/}
| ^
Flavors: r-devel-linux-x86_64-debian-clang, r-devel-linux-x86_64-debian-gcc, r-devel-linux-x86_64-fedora-clang, r-devel-linux-x86_64-fedora-gcc, r-devel-macos-arm64, r-devel-macos-x86_64, r-devel-windows-x86_64, r-patched-linux-x86_64, r-release-linux-x86_64, r-release-macos-arm64, r-release-macos-x86_64, r-release-windows-x86_64