Last updated on 2024-08-15 20:48:28 CEST.
Flavor | Version | Tinstall | Tcheck | Ttotal | Status | Flags |
---|---|---|---|---|---|---|
r-devel-linux-x86_64-debian-clang | 1.9 | 19.01 | 60.78 | 79.79 | OK | |
r-devel-linux-x86_64-debian-gcc | 1.9 | 13.41 | 44.43 | 57.84 | OK | |
r-devel-linux-x86_64-fedora-clang | 1.9 | 123.42 | NOTE | |||
r-devel-linux-x86_64-fedora-gcc | 1.9 | 126.84 | OK | |||
r-devel-windows-x86_64 | 1.9 | 27.00 | 75.00 | 102.00 | OK | |
r-patched-linux-x86_64 | 1.9 | 19.19 | 57.61 | 76.80 | OK | |
r-release-linux-x86_64 | 1.9 | 17.59 | 56.99 | 74.58 | OK | |
r-release-macos-arm64 | 1.9 | 42.00 | OK | |||
r-release-macos-x86_64 | 1.9 | 54.00 | OK | |||
r-release-windows-x86_64 | 1.9 | 29.00 | 76.00 | 105.00 | OK | |
r-oldrel-macos-arm64 | 1.9 | 43.00 | OK | |||
r-oldrel-macos-x86_64 | 1.9 | 95.00 | OK | |||
r-oldrel-windows-x86_64 | 1.9 | 35.00 | 87.00 | 122.00 | OK |
Version: 1.9
Check: installed package size
Result: NOTE
installed size is 7.7Mb
sub-directories of 1Mb or more:
libs 7.5Mb
Flavor: r-devel-linux-x86_64-fedora-clang