Last updated on 2024-08-15 20:48:28 CEST.
Flavor | Version | Tinstall | Tcheck | Ttotal | Status | Flags |
---|---|---|---|---|---|---|
r-devel-linux-x86_64-debian-clang | 2.0.0 | 1.78 | 162.25 | 164.03 | NOTE | |
r-devel-linux-x86_64-debian-gcc | 2.0.0 | 1.69 | 101.16 | 102.85 | NOTE | |
r-devel-linux-x86_64-fedora-clang | 2.0.0 | 268.02 | NOTE | |||
r-devel-linux-x86_64-fedora-gcc | 2.0.0 | 270.49 | NOTE | |||
r-devel-windows-x86_64 | 2.0.0 | 3.00 | 179.00 | 182.00 | NOTE | |
r-patched-linux-x86_64 | 2.0.0 | 1.76 | 155.15 | 156.91 | NOTE | |
r-release-linux-x86_64 | 2.0.0 | 1.81 | 155.42 | 157.23 | NOTE | |
r-release-macos-arm64 | 2.0.0 | 130.00 | NOTE | |||
r-release-macos-x86_64 | 2.0.0 | 149.00 | NOTE | |||
r-release-windows-x86_64 | 2.0.0 | 3.00 | 175.00 | 178.00 | NOTE | |
r-oldrel-macos-arm64 | 2.0.0 | 80.00 | NOTE | |||
r-oldrel-macos-x86_64 | 2.0.0 | 145.00 | NOTE | |||
r-oldrel-windows-x86_64 | 2.0.0 | 3.00 | 198.00 | 201.00 | NOTE |
Version: 2.0.0
Check: LazyData
Result: NOTE
'LazyData' is specified without a 'data' directory
Flavors: r-devel-linux-x86_64-debian-clang, r-devel-linux-x86_64-debian-gcc, r-devel-linux-x86_64-fedora-clang, r-devel-linux-x86_64-fedora-gcc, r-devel-windows-x86_64, r-patched-linux-x86_64, r-release-linux-x86_64, r-release-macos-arm64, r-release-macos-x86_64, r-release-windows-x86_64, r-oldrel-macos-arm64, r-oldrel-macos-x86_64, r-oldrel-windows-x86_64