Last updated on 2024-08-15 20:48:28 CEST.
Flavor | Version | Tinstall | Tcheck | Ttotal | Status | Flags |
---|---|---|---|---|---|---|
r-devel-linux-x86_64-debian-clang | 1.0.0 | 17.15 | 147.66 | 164.81 | NOTE | |
r-devel-linux-x86_64-debian-gcc | 1.0.0 | 12.81 | 105.03 | 117.84 | NOTE | |
r-devel-linux-x86_64-fedora-clang | 1.0.0 | 263.98 | NOTE | |||
r-devel-linux-x86_64-fedora-gcc | 1.0.0 | 270.79 | NOTE | |||
r-devel-windows-x86_64 | 1.0.0 | 19.00 | 148.00 | 167.00 | NOTE | |
r-patched-linux-x86_64 | 1.0.0 | 16.58 | 139.35 | 155.93 | NOTE | |
r-release-linux-x86_64 | 1.0.0 | 15.09 | 144.66 | 159.75 | NOTE | |
r-release-macos-arm64 | 1.0.0 | 67.00 | NOTE | |||
r-release-macos-x86_64 | 1.0.0 | 112.00 | NOTE | |||
r-release-windows-x86_64 | 1.0.0 | 18.00 | 147.00 | 165.00 | NOTE | |
r-oldrel-macos-arm64 | 1.0.0 | 85.00 | NOTE | |||
r-oldrel-macos-x86_64 | 1.0.0 | 140.00 | NOTE | |||
r-oldrel-windows-x86_64 | 1.0.0 | 26.00 | 184.00 | 210.00 | NOTE |
Version: 1.0.0
Check: Rd files
Result: NOTE
checkRd: (-1) cmss.Rd:21: Lost braces
21 | \item{sim.fn}{Optional function to be used as similarity measure for accept/reject step. Default function is: |cor( bar{x}^{(r)}|,~ bar{x}_{target} ) |}
| ^
checkRd: (-1) cmss.Rd:21: Lost braces; missing escapes or markup?
21 | \item{sim.fn}{Optional function to be used as similarity measure for accept/reject step. Default function is: |cor( bar{x}^{(r)}|,~ bar{x}_{target} ) |}
| ^
checkRd: (-1) cmss.Rd:21: Lost braces
21 | \item{sim.fn}{Optional function to be used as similarity measure for accept/reject step. Default function is: |cor( bar{x}^{(r)}|,~ bar{x}_{target} ) |}
| ^
checkRd: (-1) cmss.Rd:21: Lost braces; missing escapes or markup?
21 | \item{sim.fn}{Optional function to be used as similarity measure for accept/reject step. Default function is: |cor( bar{x}^{(r)}|,~ bar{x}_{target} ) |}
| ^
Flavors: r-devel-linux-x86_64-debian-clang, r-devel-linux-x86_64-debian-gcc, r-devel-linux-x86_64-fedora-clang, r-devel-linux-x86_64-fedora-gcc, r-devel-windows-x86_64, r-patched-linux-x86_64, r-release-linux-x86_64, r-release-macos-arm64, r-release-macos-x86_64, r-release-windows-x86_64
Version: 1.0.0
Check: LazyData
Result: NOTE
'LazyData' is specified without a 'data' directory
Flavors: r-devel-linux-x86_64-debian-clang, r-devel-linux-x86_64-debian-gcc, r-devel-linux-x86_64-fedora-clang, r-devel-linux-x86_64-fedora-gcc, r-devel-windows-x86_64, r-patched-linux-x86_64, r-release-linux-x86_64, r-release-macos-arm64, r-release-macos-x86_64, r-release-windows-x86_64, r-oldrel-macos-arm64, r-oldrel-macos-x86_64, r-oldrel-windows-x86_64
Version: 1.0.0
Check: dependencies in R code
Result: NOTE
Namespaces in Imports field not imported from:
‘pls’ ‘tibble’
All declared Imports should be used.
Flavors: r-devel-linux-x86_64-fedora-clang, r-devel-linux-x86_64-fedora-gcc