Last updated on 2024-08-16 09:49:18 CEST.
Flavor | Version | Tinstall | Tcheck | Ttotal | Status | Flags |
---|---|---|---|---|---|---|
r-devel-linux-x86_64-debian-clang | 0.9.6 | 7.11 | 128.47 | 135.58 | NOTE | |
r-devel-linux-x86_64-debian-gcc | 0.9.6 | 5.56 | 84.06 | 89.62 | NOTE | |
r-devel-linux-x86_64-fedora-clang | 0.9.6 | 210.81 | NOTE | |||
r-devel-linux-x86_64-fedora-gcc | 0.9.6 | 214.95 | NOTE | |||
r-devel-windows-x86_64 | 0.9.6 | 8.00 | 160.00 | 168.00 | NOTE | |
r-patched-linux-x86_64 | 0.9.6 | 9.12 | 119.40 | 128.52 | NOTE | |
r-release-linux-x86_64 | 0.9.6 | 6.61 | 120.99 | 127.60 | NOTE | |
r-release-macos-arm64 | 0.9.6 | 62.00 | NOTE | |||
r-release-macos-x86_64 | 0.9.6 | 106.00 | NOTE | |||
r-release-windows-x86_64 | 0.9.6 | 11.00 | 157.00 | 168.00 | NOTE | |
r-oldrel-macos-arm64 | 0.9.6 | 62.00 | OK | |||
r-oldrel-macos-x86_64 | 0.9.6 | 174.00 | OK | |||
r-oldrel-windows-x86_64 | 0.9.6 | 10.00 | 189.00 | 199.00 | OK |
Version: 0.9.6
Check: Rd files
Result: NOTE
checkRd: (-1) docker_config_collection.Rd:11: Lost braces; missing escapes or markup?
11 | \Sexpr[results=rd,stage=render]{stevedore:::generate_help("config")}
| ^
checkRd: (-1) docker_container.Rd:13: Lost braces
13 | \Sexpr[results=rd,stage=render]{stevedore:::generate_help("docker_container")}
| ^
checkRd: (-1) docker_image_collection.Rd:11: Lost braces
11 | \Sexpr[results=rd,stage=render]{stevedore:::generate_help("image")}
| ^
checkRd: (-1) docker_plugin_collection.Rd:11: Lost braces
11 | \Sexpr[results=rd,stage=render]{stevedore:::generate_help("plugin")}
| ^
checkRd: (-1) docker_service_collection.Rd:11: Lost braces
11 | \Sexpr[results=rd,stage=render]{stevedore:::generate_help("service")}
| ^
checkRd: (-1) docker_task.Rd:13: Lost braces
13 | \Sexpr[results=rd,stage=render]{stevedore:::generate_help("docker_task")}
| ^
Flavors: r-devel-linux-x86_64-debian-clang, r-devel-linux-x86_64-debian-gcc, r-devel-linux-x86_64-fedora-clang, r-devel-linux-x86_64-fedora-gcc, r-devel-windows-x86_64, r-patched-linux-x86_64, r-release-linux-x86_64, r-release-macos-arm64, r-release-macos-x86_64, r-release-windows-x86_64