Last updated on 2024-08-15 20:48:28 CEST.
Flavor | Version | Tinstall | Tcheck | Ttotal | Status | Flags |
---|---|---|---|---|---|---|
r-devel-linux-x86_64-debian-clang | 1.0.2 | 4.80 | 167.66 | 172.46 | NOTE | |
r-devel-linux-x86_64-debian-gcc | 1.0.2 | 3.53 | 112.81 | 116.34 | NOTE | |
r-devel-linux-x86_64-fedora-clang | 1.0.2 | 283.85 | NOTE | |||
r-devel-linux-x86_64-fedora-gcc | 1.0.2 | 284.12 | NOTE | |||
r-devel-windows-x86_64 | 1.0.2 | 6.00 | 178.00 | 184.00 | NOTE | |
r-patched-linux-x86_64 | 1.0.2 | 5.59 | 157.17 | 162.76 | NOTE | |
r-release-linux-x86_64 | 1.0.2 | 4.86 | 157.87 | 162.73 | NOTE | |
r-release-macos-arm64 | 1.0.2 | 84.00 | NOTE | |||
r-release-macos-x86_64 | 1.0.2 | 150.00 | NOTE | |||
r-release-windows-x86_64 | 1.0.2 | 9.00 | 180.00 | 189.00 | NOTE | |
r-oldrel-macos-arm64 | 1.0.2 | 94.00 | OK | |||
r-oldrel-macos-x86_64 | 1.0.2 | 150.00 | OK | |||
r-oldrel-windows-x86_64 | 1.0.2 | 9.00 | 217.00 | 226.00 | OK |
Version: 1.0.2
Check: Rd files
Result: NOTE
checkRd: (-1) plot.QTLMPP.Rd:33-34: Lost braces in \itemize; meant \describe ?
checkRd: (-1) plot.QTLMPP.Rd:35: Lost braces in \itemize; meant \describe ?
checkRd: (-1) plot.QTLMPP.Rd:36: Lost braces in \itemize; meant \describe ?
checkRd: (-1) plot.QTLMPP.Rd:37-38: Lost braces in \itemize; meant \describe ?
checkRd: (-1) plot.gDataMPP.Rd:40: Lost braces in \itemize; meant \describe ?
checkRd: (-1) plot.gDataMPP.Rd:41-42: Lost braces in \itemize; meant \describe ?
checkRd: (-1) plot.gDataMPP.Rd:43-44: Lost braces in \itemize; meant \describe ?
checkRd: (-1) plot.gDataMPP.Rd:45-46: Lost braces in \itemize; meant \describe ?
Flavors: r-devel-linux-x86_64-debian-clang, r-devel-linux-x86_64-debian-gcc, r-devel-linux-x86_64-fedora-clang, r-devel-linux-x86_64-fedora-gcc, r-devel-windows-x86_64, r-patched-linux-x86_64, r-release-linux-x86_64, r-release-macos-arm64, r-release-macos-x86_64, r-release-windows-x86_64