Last updated on 2024-08-15 20:48:27 CEST.
Flavor | Version | Tinstall | Tcheck | Ttotal | Status | Flags |
---|---|---|---|---|---|---|
r-devel-linux-x86_64-debian-clang | 0.4-11 | 5.48 | 43.04 | 48.52 | NOTE | |
r-devel-linux-x86_64-debian-gcc | 0.4-11 | 4.39 | 34.19 | 38.58 | NOTE | |
r-devel-linux-x86_64-fedora-clang | 0.4-11 | 78.80 | NOTE | |||
r-devel-linux-x86_64-fedora-gcc | 0.4-11 | 74.70 | NOTE | |||
r-devel-windows-x86_64 | 0.4-11 | 6.00 | 59.00 | 65.00 | NOTE | |
r-patched-linux-x86_64 | 0.4-11 | 5.55 | 41.18 | 46.73 | NOTE | |
r-release-linux-x86_64 | 0.4-11 | 5.52 | 41.93 | 47.45 | NOTE | |
r-release-macos-arm64 | 0.4-11 | 33.00 | NOTE | |||
r-release-macos-x86_64 | 0.4-11 | 43.00 | NOTE | |||
r-release-windows-x86_64 | 0.4-11 | 6.00 | 61.00 | 67.00 | NOTE | |
r-oldrel-macos-arm64 | 0.4-11 | 25.00 | OK | |||
r-oldrel-macos-x86_64 | 0.4-11 | 46.00 | OK | |||
r-oldrel-windows-x86_64 | 0.4-11 | 8.00 | 68.00 | 76.00 | OK |
Version: 0.4-11
Check: Rd files
Result: NOTE
checkRd: (-1) sqldf.Rd:248: Lost braces
248 | and code{port} arguments of sqldf.
| ^
Flavors: r-devel-linux-x86_64-debian-clang, r-devel-linux-x86_64-debian-gcc, r-devel-linux-x86_64-fedora-clang, r-devel-linux-x86_64-fedora-gcc, r-devel-windows-x86_64, r-patched-linux-x86_64, r-release-linux-x86_64, r-release-macos-arm64, r-release-macos-x86_64, r-release-windows-x86_64