Last updated on 2024-08-15 20:48:27 CEST.
Flavor | Version | Tinstall | Tcheck | Ttotal | Status | Flags |
---|---|---|---|---|---|---|
r-devel-linux-x86_64-debian-clang | 3.1-0 | 10.81 | 80.29 | 91.10 | NOTE | |
r-devel-linux-x86_64-debian-gcc | 3.1-0 | 8.28 | 61.35 | 69.63 | NOTE | |
r-devel-linux-x86_64-fedora-clang | 3.1-0 | 146.79 | NOTE | |||
r-devel-linux-x86_64-fedora-gcc | 3.1-0 | 142.35 | NOTE | |||
r-devel-windows-x86_64 | 3.1-0 | 14.00 | 93.00 | 107.00 | NOTE | |
r-patched-linux-x86_64 | 3.1-0 | 10.27 | 77.51 | 87.78 | NOTE | |
r-release-linux-x86_64 | 3.1-0 | 9.63 | 77.04 | 86.67 | NOTE | |
r-release-macos-arm64 | 3.1-0 | 45.00 | NOTE | |||
r-release-macos-x86_64 | 3.1-0 | 86.00 | NOTE | |||
r-release-windows-x86_64 | 3.1-0 | 14.00 | 94.00 | 108.00 | NOTE | |
r-oldrel-macos-arm64 | 3.1-0 | 56.00 | NOTE | |||
r-oldrel-macos-x86_64 | 3.1-0 | 93.00 | NOTE | |||
r-oldrel-windows-x86_64 | 3.1-0 | 19.00 | 109.00 | 128.00 | NOTE |
Version: 3.1-0
Check: package dependencies
Result: NOTE
Depends: includes the non-default packages:
'spatstat.data', 'spatstat.sparse', 'spatstat.univar',
'spatstat.geom', 'spatstat.random', 'spatstat.explore',
'spatstat.model', 'spatstat.linnet', 'spatstat'
Adding so many packages to the search path is excessive and importing
selectively is preferable.
Flavors: r-devel-linux-x86_64-debian-clang, r-devel-linux-x86_64-debian-gcc, r-devel-linux-x86_64-fedora-clang, r-devel-linux-x86_64-fedora-gcc, r-devel-windows-x86_64, r-patched-linux-x86_64, r-release-linux-x86_64, r-release-macos-arm64, r-release-macos-x86_64, r-release-windows-x86_64, r-oldrel-macos-arm64, r-oldrel-macos-x86_64, r-oldrel-windows-x86_64