Last updated on 2024-08-16 09:49:17 CEST.
Flavor | Version | Tinstall | Tcheck | Ttotal | Status | Flags |
---|---|---|---|---|---|---|
r-devel-linux-x86_64-debian-clang | 1.0.0 | 14.97 | 239.34 | 254.31 | OK | |
r-devel-linux-x86_64-debian-gcc | 1.0.0 | 10.35 | 158.70 | 169.05 | OK | |
r-devel-linux-x86_64-fedora-clang | 1.0.0 | 417.98 | NOTE | |||
r-devel-linux-x86_64-fedora-gcc | 1.0.0 | 412.95 | NOTE | |||
r-devel-windows-x86_64 | 1.0.0 | 15.00 | 455.00 | 470.00 | OK | |
r-patched-linux-x86_64 | 1.0.0 | 15.27 | 230.58 | 245.85 | OK | |
r-release-linux-x86_64 | 1.0.0 | 12.53 | 231.38 | 243.91 | OK | |
r-release-macos-arm64 | 1.0.0 | 305.00 | OK | |||
r-release-macos-x86_64 | 1.0.0 | 386.00 | OK | |||
r-release-windows-x86_64 | 1.0.0 | 16.00 | 453.00 | 469.00 | OK | |
r-oldrel-macos-arm64 | 1.0.0 | 333.00 | OK | |||
r-oldrel-macos-x86_64 | 1.0.0 | 420.00 | OK | |||
r-oldrel-windows-x86_64 | 1.0.0 | 21.00 | 523.00 | 544.00 | OK |
Version: 1.0.0
Check: dependencies in R code
Result: NOTE
Namespaces in Imports field not imported from:
‘numDeriv’ ‘png’
All declared Imports should be used.
Flavors: r-devel-linux-x86_64-fedora-clang, r-devel-linux-x86_64-fedora-gcc