Last updated on 2024-08-15 20:48:26 CEST.
Flavor | Version | Tinstall | Tcheck | Ttotal | Status | Flags |
---|---|---|---|---|---|---|
r-devel-linux-x86_64-debian-clang | 2.3.3 | 7.65 | 123.54 | 131.19 | OK | |
r-devel-linux-x86_64-debian-gcc | 2.3.3 | 4.63 | 78.12 | 82.75 | OK | |
r-devel-linux-x86_64-fedora-clang | 2.3.3 | 209.52 | NOTE | |||
r-devel-linux-x86_64-fedora-gcc | 2.3.3 | 238.64 | NOTE | |||
r-devel-windows-x86_64 | 2.3.3 | 9.00 | 305.00 | 314.00 | OK | |
r-patched-linux-x86_64 | 2.3.3 | 8.45 | 116.12 | 124.57 | OK | |
r-release-linux-x86_64 | 2.3.3 | 6.50 | 117.00 | 123.50 | OK | |
r-release-macos-arm64 | 2.3.3 | 149.00 | OK | |||
r-release-macos-x86_64 | 2.3.3 | 409.00 | OK | |||
r-release-windows-x86_64 | 2.3.3 | 9.00 | 298.00 | 307.00 | OK | |
r-oldrel-macos-arm64 | 2.3.3 | 177.00 | OK | |||
r-oldrel-macos-x86_64 | 2.3.3 | 392.00 | OK | |||
r-oldrel-windows-x86_64 | 2.3.3 | 12.00 | 387.00 | 399.00 | OK |
Version: 2.3.3
Check: dependencies in R code
Result: NOTE
Namespaces in Imports field not imported from:
‘knitr’ ‘rmarkdown’ ‘webp’
All declared Imports should be used.
Flavors: r-devel-linux-x86_64-fedora-clang, r-devel-linux-x86_64-fedora-gcc