Last updated on 2024-08-16 09:49:16 CEST.
Flavor | Version | Tinstall | Tcheck | Ttotal | Status | Flags |
---|---|---|---|---|---|---|
r-devel-linux-x86_64-debian-clang | 2.9.1 | 58.68 | 329.23 | 387.91 | NOTE | |
r-devel-linux-x86_64-debian-gcc | 2.9.1 | 40.45 | 212.75 | 253.20 | NOTE | |
r-devel-linux-x86_64-fedora-clang | 2.9.1 | 631.23 | OK | |||
r-devel-linux-x86_64-fedora-gcc | 2.9.1 | 598.20 | OK | |||
r-devel-windows-x86_64 | 2.9.1 | 60.00 | 287.00 | 347.00 | NOTE | |
r-patched-linux-x86_64 | 2.9.1 | 63.43 | 301.94 | 365.37 | OK | |
r-release-linux-x86_64 | 2.9.1 | 57.84 | 309.47 | 367.31 | OK | |
r-release-macos-arm64 | 2.9.1 | 138.00 | OK | |||
r-release-macos-x86_64 | 2.9.1 | 228.00 | OK | |||
r-release-windows-x86_64 | 2.9.1 | 58.00 | 285.00 | 343.00 | OK | |
r-oldrel-macos-arm64 | 2.9.1 | 144.00 | OK | |||
r-oldrel-macos-x86_64 | 2.9.1 | 335.00 | OK | |||
r-oldrel-windows-x86_64 | 2.9.1 | 75.00 | 402.00 | 477.00 | OK |
Version: 2.9.1
Check: Rd cross-references
Result: NOTE
Found the following Rd file(s) with Rd \link{} targets missing package
anchors:
GAoptim.Rd: detectfn, kofnGA
Lambda.Rd: traps, mask, detectfn
count.Rd: predict.secr, coef.secr
make.scenarios.Rd: sim.capthist
optimalSpacing.Rd: traps, detectfn
predict.simulations.Rd: derived.secr, region.N.secr
run.scenarios.Rd: read.traps, make.grid, join, sim.capthist,
secr.fit, pdot
saturation.Rd: detectfn
scenarioSummary.Rd: kfn
secrdesign-package.Rd: make.grid
Please provide package anchors for all Rd \link{} targets not in the
package itself and the base packages.
Flavors: r-devel-linux-x86_64-debian-clang, r-devel-linux-x86_64-debian-gcc, r-devel-windows-x86_64