Last updated on 2024-08-16 09:49:16 CEST.
Flavor | Version | Tinstall | Tcheck | Ttotal | Status | Flags |
---|---|---|---|---|---|---|
r-devel-linux-x86_64-debian-clang | 0.32.6 | 67.43 | 138.81 | 206.24 | OK | |
r-devel-linux-x86_64-debian-gcc | 0.32.6 | 44.29 | 98.67 | 142.96 | OK | |
r-devel-linux-x86_64-fedora-clang | 0.32.6 | 341.72 | OK | |||
r-devel-linux-x86_64-fedora-gcc | 0.32.6 | 348.55 | OK | |||
r-devel-windows-x86_64 | 0.32.6 | 80.00 | 164.00 | 244.00 | OK | |
r-patched-linux-x86_64 | 0.32.6 | 64.64 | 127.42 | 192.06 | OK | |
r-release-linux-x86_64 | 0.32.6 | 67.12 | 132.73 | 199.85 | OK | |
r-release-macos-arm64 | 0.32.6 | 93.00 | NOTE | |||
r-release-macos-x86_64 | 0.32.6 | 138.00 | NOTE | |||
r-release-windows-x86_64 | 0.32.6 | 85.00 | 164.00 | 249.00 | OK | |
r-oldrel-macos-arm64 | 0.32.6 | 95.00 | NOTE | |||
r-oldrel-macos-x86_64 | 0.32.6 | 186.00 | NOTE | |||
r-oldrel-windows-x86_64 | 0.32.6 | 98.00 | 203.00 | 301.00 | OK |
Version: 0.32.6
Check: installed package size
Result: NOTE
installed size is 7.7Mb
sub-directories of 1Mb or more:
R 2.1Mb
libs 5.3Mb
Flavors: r-release-macos-arm64, r-release-macos-x86_64, r-oldrel-macos-arm64, r-oldrel-macos-x86_64