Last updated on 2024-08-15 20:48:26 CEST.
Flavor | Version | Tinstall | Tcheck | Ttotal | Status | Flags |
---|---|---|---|---|---|---|
r-devel-linux-x86_64-debian-clang | 0.1.1 | 10.56 | 132.07 | 142.63 | NOTE | |
r-devel-linux-x86_64-debian-gcc | 0.1.1 | 7.93 | 91.04 | 98.97 | NOTE | |
r-devel-linux-x86_64-fedora-clang | 0.1.1 | 233.65 | NOTE | |||
r-devel-linux-x86_64-fedora-gcc | 0.1.1 | 234.38 | NOTE | |||
r-devel-windows-x86_64 | 0.1.1 | 11.00 | 138.00 | 149.00 | NOTE | |
r-patched-linux-x86_64 | 0.1.1 | 9.28 | 122.93 | 132.21 | NOTE | |
r-release-linux-x86_64 | 0.1.1 | 8.31 | 125.05 | 133.36 | NOTE | |
r-release-macos-arm64 | 0.1.1 | 61.00 | NOTE | |||
r-release-macos-x86_64 | 0.1.1 | 91.00 | NOTE | |||
r-release-windows-x86_64 | 0.1.1 | 12.00 | 134.00 | 146.00 | NOTE | |
r-oldrel-macos-arm64 | 0.1.1 | 65.00 | NOTE | |||
r-oldrel-macos-x86_64 | 0.1.1 | 110.00 | NOTE | |||
r-oldrel-windows-x86_64 | 0.1.1 | 16.00 | 168.00 | 184.00 | NOTE |
Version: 0.1.1
Check: LazyData
Result: NOTE
'LazyData' is specified without a 'data' directory
Flavors: r-devel-linux-x86_64-debian-clang, r-devel-linux-x86_64-debian-gcc, r-devel-linux-x86_64-fedora-clang, r-devel-linux-x86_64-fedora-gcc, r-devel-windows-x86_64, r-patched-linux-x86_64, r-release-linux-x86_64, r-release-macos-arm64, r-release-macos-x86_64, r-release-windows-x86_64, r-oldrel-macos-arm64, r-oldrel-macos-x86_64, r-oldrel-windows-x86_64