Last updated on 2024-08-15 20:48:25 CEST.
Flavor | Version | Tinstall | Tcheck | Ttotal | Status | Flags |
---|---|---|---|---|---|---|
r-devel-linux-x86_64-debian-clang | 0.99-3 | 24.62 | 243.98 | 268.60 | WARN | |
r-devel-linux-x86_64-debian-gcc | 0.99-3 | 18.07 | 159.96 | 178.03 | WARN | |
r-devel-linux-x86_64-fedora-clang | 0.99-3 | 431.03 | WARN | |||
r-devel-linux-x86_64-fedora-gcc | 0.99-3 | 419.58 | WARN | |||
r-devel-windows-x86_64 | 0.99-3 | 30.00 | 317.00 | 347.00 | OK | |
r-patched-linux-x86_64 | 0.99-3 | 28.21 | 229.14 | 257.35 | WARN | |
r-release-linux-x86_64 | 0.99-3 | 22.18 | 230.71 | 252.89 | WARN | |
r-release-macos-arm64 | 0.99-3 | 135.00 | OK | |||
r-release-macos-x86_64 | 0.99-3 | 406.00 | OK | |||
r-release-windows-x86_64 | 0.99-3 | 33.00 | 313.00 | 346.00 | OK | |
r-oldrel-macos-arm64 | 0.99-3 | 177.00 | OK | |||
r-oldrel-macos-x86_64 | 0.99-3 | 291.00 | OK | |||
r-oldrel-windows-x86_64 | 0.99-3 | 31.00 | 370.00 | 401.00 | OK |
Version: 0.99-3
Check: re-building of vignette outputs
Result: WARN
Error(s) in re-building vignettes:
...
--- re-building ‘fastMcd-kmini.Rnw’ using Sweave
Loading required package: robustbase
--- finished re-building ‘fastMcd-kmini.Rnw’
--- re-building ‘lmrob_simulation.Rnw’ using Sweave
Loading required package: xtable
Loading required package: robustbase
Loading required package: ggplot2
Loading required package: GGally
Loading required package: grid
Loading required package: reshape2
Warning: Removed 108 rows containing non-finite outside the scale
range (`stat_summary()`).
Warning: Removed 108 rows containing missing values or values
outside the scale range (`geom_point()`).
Warning in scale_y_log10(breaks = breaks, minor_breaks = minor_breaks, ...) :
log-10 transformation introduced infinite values.
Using method.cov, Error, Psi as id variables
Warning: Removed 1 row containing missing values or values outside
the scale range (`geom_line()`).
Warning: Removed 2 rows containing missing values or values outside
the scale range (`geom_line()`).
--- finished re-building ‘lmrob_simulation.Rnw’
--- re-building ‘psi_functions.Rnw’ using Sweave
Loading required package: robustbase
Error: processing vignette 'psi_functions.Rnw' failed with diagnostics:
Running 'texi2dvi' on 'psi_functions.tex' failed.
LaTeX errors:
! Undefined control sequence.
\@currentHref ->definition.\theHdefinition
l.58 \begin{definition}\label{def.psi}
! Emergency stop.
\@currentHref ->definition.\theHdefinition
l.58 \begin{definition}\label{def.psi}
! ==> Fatal error occurred, no output PDF file produced!
--- failed re-building ‘psi_functions.Rnw’
SUMMARY: processing the following file failed:
‘psi_functions.Rnw’
Error: Vignette re-building failed.
Execution halted
Flavors: r-devel-linux-x86_64-debian-clang, r-devel-linux-x86_64-debian-gcc, r-patched-linux-x86_64, r-release-linux-x86_64
Version: 0.99-3
Check: re-building of vignette outputs
Result: WARN
Error(s) in re-building vignettes:
--- re-building ‘fastMcd-kmini.Rnw’ using Sweave
Loading required package: robustbase
--- finished re-building ‘fastMcd-kmini.Rnw’
--- re-building ‘lmrob_simulation.Rnw’ using Sweave
Loading required package: xtable
Loading required package: robustbase
Loading required package: ggplot2
Loading required package: GGally
Loading required package: grid
Loading required package: reshape2
Warning: Removed 108 rows containing non-finite outside the scale
range (`stat_summary()`).
Warning: Removed 108 rows containing missing values or values
outside the scale range (`geom_point()`).
Warning in scale_y_log10(breaks = breaks, minor_breaks = minor_breaks, ...) :
log-10 transformation introduced infinite values.
Using method.cov, Error, Psi as id variables
Warning: Removed 1 row containing missing values or values outside
the scale range (`geom_line()`).
Warning: Removed 2 rows containing missing values or values outside
the scale range (`geom_line()`).
--- finished re-building ‘lmrob_simulation.Rnw’
--- re-building ‘psi_functions.Rnw’ using Sweave
Loading required package: robustbase
Error: processing vignette 'psi_functions.Rnw' failed with diagnostics:
Running 'texi2dvi' on 'psi_functions.tex' failed.
LaTeX errors:
! Undefined control sequence.
\@currentHref ->definition.\theHdefinition
l.58 \begin{definition}\label{def.psi}
! Emergency stop.
\@currentHref ->definition.\theHdefinition
l.58 \begin{definition}\label{def.psi}
! ==> Fatal error occurred, no output PDF file produced!
--- failed re-building ‘psi_functions.Rnw’
SUMMARY: processing the following file failed:
‘psi_functions.Rnw’
Error: Vignette re-building failed.
Execution halted
Flavors: r-devel-linux-x86_64-fedora-clang, r-devel-linux-x86_64-fedora-gcc