Last updated on 2024-08-15 20:48:25 CEST.
Flavor | Version | Tinstall | Tcheck | Ttotal | Status | Flags |
---|---|---|---|---|---|---|
r-devel-linux-x86_64-debian-clang | 0.0.8 | 44.11 | 61.82 | 105.93 | NOTE | |
r-devel-linux-x86_64-debian-gcc | 0.0.8 | 31.29 | 44.66 | 75.95 | NOTE | |
r-devel-linux-x86_64-fedora-clang | 0.0.8 | 193.59 | NOTE | |||
r-devel-linux-x86_64-fedora-gcc | 0.0.8 | 195.49 | NOTE | |||
r-devel-windows-x86_64 | 0.0.8 | 90.00 | 111.00 | 201.00 | NOTE | |
r-patched-linux-x86_64 | 0.0.8 | 45.58 | 58.69 | 104.27 | NOTE | |
r-release-linux-x86_64 | 0.0.8 | 43.85 | 58.93 | 102.78 | NOTE | |
r-release-macos-arm64 | 0.0.8 | 68.00 | NOTE | |||
r-release-macos-x86_64 | 0.0.8 | 111.00 | NOTE | |||
r-release-windows-x86_64 | 0.0.8 | 90.00 | 114.00 | 204.00 | NOTE | |
r-oldrel-macos-arm64 | 0.0.8 | 70.00 | NOTE | |||
r-oldrel-macos-x86_64 | 0.0.8 | 116.00 | NOTE | |||
r-oldrel-windows-x86_64 | 0.0.8 | 109.00 | 128.00 | 237.00 | NOTE |
Version: 0.0.8
Check: C++ specification
Result: NOTE
Specified C++11: please drop specification unless essential
Flavors: r-devel-linux-x86_64-debian-clang, r-devel-linux-x86_64-debian-gcc, r-devel-linux-x86_64-fedora-clang, r-devel-linux-x86_64-fedora-gcc, r-devel-windows-x86_64, r-patched-linux-x86_64, r-release-linux-x86_64, r-release-macos-arm64, r-release-macos-x86_64, r-release-windows-x86_64, r-oldrel-macos-arm64, r-oldrel-macos-x86_64, r-oldrel-windows-x86_64
Version: 0.0.8
Check: installed package size
Result: NOTE
installed size is 5.9Mb
sub-directories of 1Mb or more:
minizinc 3.4Mb
Flavors: r-devel-linux-x86_64-fedora-clang, r-devel-windows-x86_64, r-release-macos-arm64, r-release-macos-x86_64, r-release-windows-x86_64, r-oldrel-macos-arm64, r-oldrel-macos-x86_64, r-oldrel-windows-x86_64