Last updated on 2024-08-15 20:48:25 CEST.
Flavor | Version | Tinstall | Tcheck | Ttotal | Status | Flags |
---|---|---|---|---|---|---|
r-devel-linux-x86_64-debian-clang | 0.0.1 | 5.36 | 56.36 | 61.72 | NOTE | |
r-devel-linux-x86_64-debian-gcc | 0.0.1 | 3.91 | 41.47 | 45.38 | NOTE | |
r-devel-linux-x86_64-fedora-clang | 0.0.1 | 97.59 | NOTE | |||
r-devel-linux-x86_64-fedora-gcc | 0.0.1 | 106.33 | NOTE | |||
r-devel-windows-x86_64 | 0.0.1 | 8.00 | 81.00 | 89.00 | NOTE | |
r-patched-linux-x86_64 | 0.0.1 | 5.88 | 52.25 | 58.13 | NOTE | |
r-release-linux-x86_64 | 0.0.1 | 5.16 | 53.20 | 58.36 | NOTE | |
r-release-macos-arm64 | 0.0.1 | 41.00 | NOTE | |||
r-release-macos-x86_64 | 0.0.1 | 98.00 | NOTE | |||
r-release-windows-x86_64 | 0.0.1 | 9.00 | 97.00 | 106.00 | NOTE | |
r-oldrel-macos-arm64 | 0.0.1 | 41.00 | NOTE | |||
r-oldrel-macos-x86_64 | 0.0.1 | 73.00 | NOTE | |||
r-oldrel-windows-x86_64 | 0.0.1 | 9.00 | 93.00 | 102.00 | NOTE |
Version: 0.0.1
Check: package dependencies
Result: NOTE
Package suggested but not available for checking: ‘rnaturalearthhires’
Flavors: r-devel-linux-x86_64-debian-clang, r-devel-linux-x86_64-debian-gcc, r-devel-linux-x86_64-fedora-clang, r-devel-linux-x86_64-fedora-gcc, r-devel-windows-x86_64, r-patched-linux-x86_64, r-release-linux-x86_64, r-release-macos-arm64, r-release-macos-x86_64, r-release-windows-x86_64, r-oldrel-macos-arm64, r-oldrel-macos-x86_64, r-oldrel-windows-x86_64