Last updated on 2025-02-17 02:51:21 CET.
Flavor | Version | Tinstall | Tcheck | Ttotal | Status | Flags |
---|---|---|---|---|---|---|
r-devel-linux-x86_64-debian-clang | 1.0.0 | 114.38 | 95.78 | 210.16 | OK | |
r-devel-linux-x86_64-debian-gcc | 1.0.0 | 95.16 | 66.44 | 161.60 | OK | |
r-devel-linux-x86_64-fedora-clang | 1.0.0 | 325.88 | OK | |||
r-devel-linux-x86_64-fedora-gcc | 1.0.0 | 386.27 | OK | |||
r-devel-macos-arm64 | 1.0.0 | 103.00 | OK | |||
r-devel-macos-x86_64 | 1.0.0 | 200.00 | OK | |||
r-devel-windows-x86_64 | 1.0.0 | 100.00 | 131.00 | 231.00 | OK | |
r-patched-linux-x86_64 | 1.0.0 | 132.82 | 87.50 | 220.32 | OK | |
r-release-linux-x86_64 | 1.0.0 | 125.28 | 87.47 | 212.75 | OK | |
r-release-macos-arm64 | 1.0.0 | 96.00 | NOTE | |||
r-release-macos-x86_64 | 1.0.0 | 244.00 | NOTE | |||
r-release-windows-x86_64 | 1.0.0 | 101.00 | 132.00 | 233.00 | OK | |
r-oldrel-macos-arm64 | 1.0.0 | 100.00 | NOTE | |||
r-oldrel-macos-x86_64 | 1.0.0 | 194.00 | NOTE | |||
r-oldrel-windows-x86_64 | 1.0.0 | 125.00 | 169.00 | 294.00 | OK |
Version: 1.0.0
Check: installed package size
Result: NOTE
installed size is 42.1Mb
sub-directories of 1Mb or more:
libs 42.0Mb
Flavors: r-release-macos-arm64, r-release-macos-x86_64, r-oldrel-macos-arm64, r-oldrel-macos-x86_64