Last updated on 2025-02-17 02:51:20 CET.
Flavor | Version | Tinstall | Tcheck | Ttotal | Status | Flags |
---|---|---|---|---|---|---|
r-devel-linux-x86_64-debian-clang | 1.1.3 | 13.43 | 165.58 | 179.01 | NOTE | |
r-devel-linux-x86_64-debian-gcc | 1.1.3 | 9.96 | 101.60 | 111.56 | NOTE | |
r-devel-linux-x86_64-fedora-clang | 1.1.3 | 334.62 | ERROR | |||
r-devel-linux-x86_64-fedora-gcc | 1.1.3 | 313.30 | ERROR | |||
r-devel-macos-arm64 | 1.1.3 | 86.00 | NOTE | |||
r-devel-macos-x86_64 | 1.1.3 | 166.00 | NOTE | |||
r-devel-windows-x86_64 | 1.1.3 | 15.00 | 148.00 | 163.00 | NOTE | |
r-patched-linux-x86_64 | 1.1.3 | 15.74 | 142.70 | 158.44 | NOTE | |
r-release-linux-x86_64 | 1.1.3 | 12.61 | 143.87 | 156.48 | NOTE | |
r-release-macos-arm64 | 1.1.3 | 72.00 | NOTE | |||
r-release-macos-x86_64 | 1.1.3 | 121.00 | NOTE | |||
r-release-windows-x86_64 | 1.1.3 | 16.00 | 145.00 | 161.00 | NOTE | |
r-oldrel-macos-arm64 | 1.1.3 | 84.00 | OK | |||
r-oldrel-macos-x86_64 | 1.1.3 | 135.00 | OK | |||
r-oldrel-windows-x86_64 | 1.1.3 | 20.00 | 171.00 | 191.00 | OK |
Version: 1.1.3
Check: Rd files
Result: NOTE
checkRd: (-1) method.A.Rd:200-205: Lost braces in \itemize; \value handles \item{}{} directly
checkRd: (-1) method.A.Rd:206-211: Lost braces in \itemize; \value handles \item{}{} directly
checkRd: (-1) method.A.Rd:231-236: Lost braces in \itemize; \value handles \item{}{} directly
checkRd: (-1) method.A.Rd:237-242: Lost braces in \itemize; \value handles \item{}{} directly
checkRd: (-1) method.B.Rd:201-206: Lost braces in \itemize; \value handles \item{}{} directly
checkRd: (-1) method.B.Rd:207-212: Lost braces in \itemize; \value handles \item{}{} directly
checkRd: (-1) method.B.Rd:232-237: Lost braces in \itemize; \value handles \item{}{} directly
checkRd: (-1) method.B.Rd:238-243: Lost braces in \itemize; \value handles \item{}{} directly
Flavors: r-devel-linux-x86_64-debian-clang, r-devel-linux-x86_64-debian-gcc, r-devel-linux-x86_64-fedora-clang, r-devel-linux-x86_64-fedora-gcc, r-devel-macos-arm64, r-devel-macos-x86_64, r-devel-windows-x86_64, r-patched-linux-x86_64, r-release-linux-x86_64, r-release-macos-arm64, r-release-macos-x86_64, r-release-windows-x86_64
Version: 1.1.3
Check: tests
Result: ERROR
Running ‘testthat.R’ [41s/147s]
Running the tests in ‘tests/testthat.R’ failed.
Complete output:
> library(testthat)
> library(replicateBE)
> test_check("replicateBE")
[ FAIL 4 | WARN 8 | SKIP 4 | PASS 86 ]
══ Skipped tests (4) ═══════════════════════════════════════════════════════════
• On CRAN (4): 'testthat.R:35:3', 'testthat.R:137:3', 'testthat.R:197:3',
'testthat.R:318:3'
══ Failed tests ════════════════════════════════════════════════════════════════
── Failure ('testthat.R:536:3'): method.B (Satterthwaite DF, CVwR, EL, 90% CI, PE) of rds29 ──
x[, c(10, 12, 17:21)] not equivalent to c(24.86467, 20.1358, 80, 125, 88.43243, 121.5886, 103.6937).
Component 1: Mean relative difference: 0.0538885308135
Component 5: Mean relative difference: 0.00885581372
Component 6: Mean relative difference: 0.010611995987
Component 7: Mean relative difference: 0.000831132301946
── Failure ('testthat.R:542:3'): method.B (Satterthwaite DF, CVwR, EL, 90% CI, PE) of rds30 ──
x[, c(10, 12, 17:21)] not equivalent to c(17.86417, 25.2277, 80, 125, 79.57553, 108.0676, 92.73371).
Component 1: Mean relative difference: 0.0497327016967
Component 5: Mean relative difference: 0.00794769327702
Component 6: Mean relative difference: 0.00801084394782
── Failure ('testthat.R:551:3'): method.B (Kenward-Roger DF, CVwR, EL, 90% CI, PE) of rds29 ──
x[, c(10, 12, 17:21)] not equivalent to c(25.15961, 20.1358, 80, 125, 88.42778, 121.595, 103.6937).
Component 1: Mean relative difference: 0.0027252470762
Component 5: Mean relative difference: 0.00858112232388
Component 6: Mean relative difference: 0.0103320385289
Component 7: Mean relative difference: 0.000831132301946
── Failure ('testthat.R:557:3'): method.B (Kenward-Roger DF, CVwR, EL, 90% CI, PE) of rds30 ──
x[, c(10, 12, 17:21)] not equivalent to c(18.00203, 25.2277, 80, 125, 79.58062, 108.0607, 92.73371).
Component 1: Mean relative difference: 5.01098051271e-05
Component 5: Mean relative difference: 0.00755326102498
Component 6: Mean relative difference: 0.00761033821495
[ FAIL 4 | WARN 8 | SKIP 4 | PASS 86 ]
Error: Test failures
Execution halted
Flavor: r-devel-linux-x86_64-fedora-clang
Version: 1.1.3
Check: tests
Result: ERROR
Running ‘testthat.R’ [31s/83s]
Running the tests in ‘tests/testthat.R’ failed.
Complete output:
> library(testthat)
> library(replicateBE)
> test_check("replicateBE")
[ FAIL 4 | WARN 8 | SKIP 4 | PASS 86 ]
══ Skipped tests (4) ═══════════════════════════════════════════════════════════
• On CRAN (4): 'testthat.R:35:3', 'testthat.R:137:3', 'testthat.R:197:3',
'testthat.R:318:3'
══ Failed tests ════════════════════════════════════════════════════════════════
── Failure ('testthat.R:536:3'): method.B (Satterthwaite DF, CVwR, EL, 90% CI, PE) of rds29 ──
x[, c(10, 12, 17:21)] not equivalent to c(24.86467, 20.1358, 80, 125, 88.43243, 121.5886, 103.6937).
Component 1: Mean relative difference: 0.0538885308135
Component 5: Mean relative difference: 0.00885581372
Component 6: Mean relative difference: 0.010611995987
Component 7: Mean relative difference: 0.000831132301946
── Failure ('testthat.R:542:3'): method.B (Satterthwaite DF, CVwR, EL, 90% CI, PE) of rds30 ──
x[, c(10, 12, 17:21)] not equivalent to c(17.86417, 25.2277, 80, 125, 79.57553, 108.0676, 92.73371).
Component 1: Mean relative difference: 0.0497327016967
Component 5: Mean relative difference: 0.00794769327702
Component 6: Mean relative difference: 0.00801084394782
── Failure ('testthat.R:551:3'): method.B (Kenward-Roger DF, CVwR, EL, 90% CI, PE) of rds29 ──
x[, c(10, 12, 17:21)] not equivalent to c(25.15961, 20.1358, 80, 125, 88.42778, 121.595, 103.6937).
Component 1: Mean relative difference: 0.0027252470762
Component 5: Mean relative difference: 0.00858112232388
Component 6: Mean relative difference: 0.0103320385289
Component 7: Mean relative difference: 0.000831132301946
── Failure ('testthat.R:557:3'): method.B (Kenward-Roger DF, CVwR, EL, 90% CI, PE) of rds30 ──
x[, c(10, 12, 17:21)] not equivalent to c(18.00203, 25.2277, 80, 125, 79.58062, 108.0607, 92.73371).
Component 1: Mean relative difference: 5.01098051271e-05
Component 5: Mean relative difference: 0.00755326102498
Component 6: Mean relative difference: 0.00761033821495
[ FAIL 4 | WARN 8 | SKIP 4 | PASS 86 ]
Error: Test failures
Execution halted
Flavor: r-devel-linux-x86_64-fedora-gcc