Last updated on 2024-08-15 20:48:24 CEST.
Flavor | Version | Tinstall | Tcheck | Ttotal | Status | Flags |
---|---|---|---|---|---|---|
r-devel-linux-x86_64-debian-clang | 1.1.3 | 11.22 | 163.42 | 174.64 | NOTE | |
r-devel-linux-x86_64-debian-gcc | 1.1.3 | 9.55 | 99.51 | 109.06 | NOTE | |
r-devel-linux-x86_64-fedora-clang | 1.1.3 | 301.56 | NOTE | |||
r-devel-linux-x86_64-fedora-gcc | 1.1.3 | 285.14 | NOTE | |||
r-devel-windows-x86_64 | 1.1.3 | 14.00 | 150.00 | 164.00 | NOTE | |
r-patched-linux-x86_64 | 1.1.3 | 11.04 | 142.45 | 153.49 | NOTE | |
r-release-linux-x86_64 | 1.1.3 | 12.62 | 145.97 | 158.59 | NOTE | |
r-release-macos-arm64 | 1.1.3 | 72.00 | NOTE | |||
r-release-macos-x86_64 | 1.1.3 | 121.00 | NOTE | |||
r-release-windows-x86_64 | 1.1.3 | 14.00 | 145.00 | 159.00 | NOTE | |
r-oldrel-macos-arm64 | 1.1.3 | 84.00 | OK | |||
r-oldrel-macos-x86_64 | 1.1.3 | 135.00 | OK | |||
r-oldrel-windows-x86_64 | 1.1.3 | 19.00 | 186.00 | 205.00 | OK |
Version: 1.1.3
Check: Rd files
Result: NOTE
checkRd: (-1) method.A.Rd:200-205: Lost braces in \itemize; \value handles \item{}{} directly
checkRd: (-1) method.A.Rd:206-211: Lost braces in \itemize; \value handles \item{}{} directly
checkRd: (-1) method.A.Rd:231-236: Lost braces in \itemize; \value handles \item{}{} directly
checkRd: (-1) method.A.Rd:237-242: Lost braces in \itemize; \value handles \item{}{} directly
checkRd: (-1) method.B.Rd:201-206: Lost braces in \itemize; \value handles \item{}{} directly
checkRd: (-1) method.B.Rd:207-212: Lost braces in \itemize; \value handles \item{}{} directly
checkRd: (-1) method.B.Rd:232-237: Lost braces in \itemize; \value handles \item{}{} directly
checkRd: (-1) method.B.Rd:238-243: Lost braces in \itemize; \value handles \item{}{} directly
Flavors: r-devel-linux-x86_64-debian-clang, r-devel-linux-x86_64-debian-gcc, r-devel-linux-x86_64-fedora-clang, r-devel-linux-x86_64-fedora-gcc, r-devel-windows-x86_64, r-patched-linux-x86_64, r-release-linux-x86_64, r-release-macos-arm64, r-release-macos-x86_64, r-release-windows-x86_64