Last updated on 2024-08-15 20:48:24 CEST.
Flavor | Version | Tinstall | Tcheck | Ttotal | Status | Flags |
---|---|---|---|---|---|---|
r-devel-linux-x86_64-debian-clang | 1.3.2 | 18.72 | 133.14 | 151.86 | NOTE | |
r-devel-linux-x86_64-debian-gcc | 1.3.2 | 13.14 | 95.48 | 108.62 | NOTE | |
r-devel-linux-x86_64-fedora-clang | 1.3.2 | 250.03 | OK | |||
r-devel-linux-x86_64-fedora-gcc | 1.3.2 | 252.54 | OK | |||
r-devel-windows-x86_64 | 1.3.2 | 17.00 | 133.00 | 150.00 | NOTE | |
r-patched-linux-x86_64 | 1.3.2 | 25.63 | 125.00 | 150.63 | OK | |
r-release-linux-x86_64 | 1.3.2 | 17.44 | 126.15 | 143.59 | OK | |
r-release-macos-arm64 | 1.3.2 | 90.00 | OK | |||
r-release-macos-x86_64 | 1.3.2 | 112.00 | OK | |||
r-release-windows-x86_64 | 1.3.2 | 19.00 | 134.00 | 153.00 | OK | |
r-oldrel-macos-arm64 | 1.3.2 | 77.00 | OK | |||
r-oldrel-macos-x86_64 | 1.3.2 | 123.00 | OK | |||
r-oldrel-windows-x86_64 | 1.3.2 | 22.00 | 164.00 | 186.00 | OK |
Version: 1.3.2
Check: Rd cross-references
Result: NOTE
Found the following Rd file(s) with Rd \link{} targets missing package
anchors:
mrd_est.Rd: vcovHC
mrd_impute.Rd: vcovHC
rd_est.Rd: vcovHC
rd_impute.Rd: vcovHC
Please provide package anchors for all Rd \link{} targets not in the
package itself and the base packages.
Flavors: r-devel-linux-x86_64-debian-clang, r-devel-linux-x86_64-debian-gcc, r-devel-windows-x86_64