Last updated on 2024-08-15 20:48:24 CEST.
Flavor | Version | Tinstall | Tcheck | Ttotal | Status | Flags |
---|---|---|---|---|---|---|
r-devel-linux-x86_64-debian-clang | 0.1.3 | 58.03 | 55.44 | 113.47 | OK | |
r-devel-linux-x86_64-debian-gcc | 0.1.3 | 51.52 | 38.55 | 90.07 | OK | |
r-devel-linux-x86_64-fedora-clang | 0.1.3 | 202.91 | OK | |||
r-devel-linux-x86_64-fedora-gcc | 0.1.3 | 234.98 | OK | |||
r-devel-windows-x86_64 | 0.1.3 | 74.00 | 90.00 | 164.00 | OK | |
r-patched-linux-x86_64 | 0.1.3 | 68.94 | 52.29 | 121.23 | OK | |
r-release-linux-x86_64 | 0.1.3 | 68.57 | 53.16 | 121.73 | OK | |
r-release-macos-arm64 | 0.1.3 | 58.00 | NOTE | |||
r-release-macos-x86_64 | 0.1.3 | 76.00 | NOTE | |||
r-release-windows-x86_64 | 0.1.3 | 76.00 | 94.00 | 170.00 | OK | |
r-oldrel-macos-arm64 | 0.1.3 | 55.00 | NOTE | |||
r-oldrel-macos-x86_64 | 0.1.3 | 111.00 | NOTE | |||
r-oldrel-windows-x86_64 | 0.1.3 | 87.00 | 116.00 | 203.00 | OK |
Version: 0.1.3
Check: installed package size
Result: NOTE
installed size is 14.6Mb
sub-directories of 1Mb or more:
libs 14.4Mb
Flavors: r-release-macos-arm64, r-release-macos-x86_64, r-oldrel-macos-arm64, r-oldrel-macos-x86_64