Last updated on 2025-02-17 02:51:20 CET.
Flavor | Version | Tinstall | Tcheck | Ttotal | Status | Flags |
---|---|---|---|---|---|---|
r-devel-linux-x86_64-debian-clang | 0.7.8 | 8.38 | 71.72 | 80.10 | OK | |
r-devel-linux-x86_64-debian-gcc | 0.7.8 | 5.62 | 50.47 | 56.09 | OK | |
r-devel-linux-x86_64-fedora-clang | 0.7.8 | 131.39 | OK | |||
r-devel-linux-x86_64-fedora-gcc | 0.7.8 | 134.27 | OK | |||
r-devel-macos-arm64 | 0.7.8 | 53.00 | OK | |||
r-devel-macos-x86_64 | 0.7.8 | 81.00 | OK | |||
r-devel-windows-x86_64 | 0.7.8 | 10.00 | 99.00 | 109.00 | OK | |
r-patched-linux-x86_64 | 0.7.8 | 8.71 | 66.90 | 75.61 | OK | |
r-release-linux-x86_64 | 0.7.8 | 6.23 | 66.76 | 72.99 | OK | |
r-release-macos-arm64 | 0.7.8 | 50.00 | OK | |||
r-release-macos-x86_64 | 0.7.8 | 69.00 | OK | |||
r-release-windows-x86_64 | 0.7.8 | 11.00 | 103.00 | 114.00 | OK | |
r-oldrel-macos-arm64 | 0.7.8 | 50.00 | OK | |||
r-oldrel-macos-x86_64 | 0.7.8 | 67.00 | NOTE | |||
r-oldrel-windows-x86_64 | 0.7.8 | 13.00 | 114.00 | 127.00 | OK |
Version: 0.7.8
Check: package dependencies
Result: NOTE
Package suggested but not available for checking: ‘survey’
Flavor: r-oldrel-macos-x86_64
Version: 0.7.8
Check: Rd cross-references
Result: NOTE
Package unavailable to check Rd xrefs: ‘survey’
Flavor: r-oldrel-macos-x86_64