Last updated on 2024-08-15 20:48:23 CEST.
Flavor | Version | Tinstall | Tcheck | Ttotal | Status | Flags |
---|---|---|---|---|---|---|
r-devel-linux-x86_64-debian-clang | 2.8 | 7.26 | 22.41 | 29.67 | OK | |
r-devel-linux-x86_64-debian-gcc | 2.8 | 5.49 | 17.83 | 23.32 | OK | |
r-devel-linux-x86_64-fedora-clang | 2.8 | 53.24 | NOTE | |||
r-devel-linux-x86_64-fedora-gcc | 2.8 | 48.71 | NOTE | |||
r-devel-windows-x86_64 | 2.8 | 11.00 | 51.00 | 62.00 | OK | |
r-patched-linux-x86_64 | 2.8 | 6.38 | 21.53 | 27.91 | OK | |
r-release-linux-x86_64 | 2.8 | 6.84 | 21.74 | 28.58 | OK | |
r-release-macos-arm64 | 2.8 | 22.00 | OK | |||
r-release-macos-x86_64 | 2.8 | 33.00 | OK | |||
r-release-windows-x86_64 | 2.8 | 10.00 | 50.00 | 60.00 | OK | |
r-oldrel-macos-arm64 | 2.8 | 23.00 | OK | |||
r-oldrel-macos-x86_64 | 2.8 | 33.00 | OK | |||
r-oldrel-windows-x86_64 | 2.8 | 12.00 | 71.00 | 83.00 | OK |
Version: 2.8
Check: compiled code
Result: NOTE
File ‘ptinpoly/libs/ptinpoly.so’:
Found no calls to: ‘R_registerRoutines’, ‘R_useDynamicSymbols’
It is good practice to register native routines and to disable symbol
search.
See ‘Writing portable packages’ in the ‘Writing R Extensions’ manual.
Flavors: r-devel-linux-x86_64-fedora-clang, r-devel-linux-x86_64-fedora-gcc