Last updated on 2024-08-15 20:48:23 CEST.
Flavor | Version | Tinstall | Tcheck | Ttotal | Status | Flags |
---|---|---|---|---|---|---|
r-devel-linux-x86_64-debian-clang | 1.1-8 | 8.55 | 61.68 | 70.23 | NOTE | --no-vignettes |
r-devel-linux-x86_64-debian-gcc | 1.1-8 | 6.14 | 43.64 | 49.78 | NOTE | --no-vignettes |
r-devel-linux-x86_64-fedora-clang | 1.1-8 | 769.16 | NOTE | |||
r-devel-linux-x86_64-fedora-gcc | 1.1-8 | 762.95 | NOTE | |||
r-devel-windows-x86_64 | 1.1-8 | 10.00 | 75.00 | 85.00 | NOTE | --no-vignettes |
r-patched-linux-x86_64 | 1.1-8 | 8.88 | 57.86 | 66.74 | OK | --no-vignettes |
r-release-linux-x86_64 | 1.1-8 | 8.51 | 58.61 | 67.12 | OK | --no-vignettes |
r-release-macos-arm64 | 1.1-8 | 236.00 | OK | |||
r-release-macos-x86_64 | 1.1-8 | 393.00 | OK | |||
r-release-windows-x86_64 | 1.1-8 | 11.00 | 74.00 | 85.00 | OK | --no-vignettes |
r-oldrel-macos-arm64 | 1.1-8 | 274.00 | OK | |||
r-oldrel-macos-x86_64 | 1.1-8 | 441.00 | OK | |||
r-oldrel-windows-x86_64 | 1.1-8 | 8.00 | 86.00 | 94.00 | OK | --no-vignettes |
Version: 1.1-8
Flags: --no-vignettes
Check: differences from ‘psychomix-Ex.Rout’ to ‘psychomix-Ex.Rout.save’
Result: NOTE
125d124
< >
Flavors: r-devel-linux-x86_64-debian-clang, r-devel-linux-x86_64-debian-gcc, r-devel-windows-x86_64
Version: 1.1-8
Check: differences from ‘psychomix-Ex.Rout’ to ‘psychomix-Ex.Rout.save’
Result: NOTE
125d124
< >
Flavors: r-devel-linux-x86_64-fedora-clang, r-devel-linux-x86_64-fedora-gcc