Last updated on 2024-08-15 20:48:23 CEST.
Flavor | Version | Tinstall | Tcheck | Ttotal | Status | Flags |
---|---|---|---|---|---|---|
r-devel-linux-x86_64-debian-clang | 0.1.3 | 46.98 | 376.33 | 423.31 | OK | |
r-devel-linux-x86_64-debian-gcc | 0.1.3 | 33.84 | 271.92 | 305.76 | OK | |
r-devel-linux-x86_64-fedora-clang | 0.1.3 | 702.42 | OK | |||
r-devel-linux-x86_64-fedora-gcc | 0.1.3 | 693.77 | OK | |||
r-devel-windows-x86_64 | 0.1.3 | 52.00 | 317.00 | 369.00 | OK | |
r-patched-linux-x86_64 | 0.1.3 | 41.10 | 351.80 | 392.90 | OK | |
r-release-linux-x86_64 | 0.1.3 | 40.59 | 356.46 | 397.05 | OK | |
r-release-macos-arm64 | 0.1.3 | 180.00 | OK | |||
r-release-macos-x86_64 | 0.1.3 | 278.00 | OK | |||
r-release-windows-x86_64 | 0.1.3 | 51.00 | 316.00 | 367.00 | OK | |
r-oldrel-macos-arm64 | 0.1.3 | 11.00 | ERROR | |||
r-oldrel-macos-x86_64 | 0.1.3 | 16.00 | ERROR | |||
r-oldrel-windows-x86_64 | 0.1.3 | 68.00 | 430.00 | 498.00 | OK |
Version: 0.1.3
Check: package dependencies
Result: ERROR
Package required but not available: ‘GSVA’
See section ‘The DESCRIPTION file’ in the ‘Writing R Extensions’
manual.
Flavors: r-oldrel-macos-arm64, r-oldrel-macos-x86_64