Last updated on 2024-08-15 20:48:23 CEST.
Flavor | Version | Tinstall | Tcheck | Ttotal | Status | Flags |
---|---|---|---|---|---|---|
r-devel-linux-x86_64-debian-clang | 0.2.1 | 22.26 | 207.39 | 229.65 | NOTE | |
r-devel-linux-x86_64-debian-gcc | 0.2.1 | 14.69 | 141.51 | 156.20 | NOTE | |
r-devel-linux-x86_64-fedora-clang | 0.2.1 | 356.85 | NOTE | |||
r-devel-linux-x86_64-fedora-gcc | 0.2.1 | 365.54 | NOTE | |||
r-devel-windows-x86_64 | 0.2.1 | 23.00 | 203.00 | 226.00 | NOTE | |
r-patched-linux-x86_64 | 0.2.1 | 19.79 | 197.14 | 216.93 | NOTE | |
r-release-linux-x86_64 | 0.2.1 | 20.80 | 194.75 | 215.55 | NOTE | |
r-release-macos-arm64 | 0.2.1 | 112.00 | NOTE | |||
r-release-macos-x86_64 | 0.2.1 | 167.00 | NOTE | |||
r-release-windows-x86_64 | 0.2.1 | 22.00 | 202.00 | 224.00 | NOTE | |
r-oldrel-macos-arm64 | 0.2.1 | 99.00 | OK | |||
r-oldrel-macos-x86_64 | 0.2.1 | 168.00 | OK | |||
r-oldrel-windows-x86_64 | 0.2.1 | 29.00 | 252.00 | 281.00 | OK |
Version: 0.2.1
Check: Rd files
Result: NOTE
checkRd: (-1) impute_plot.Rd:32: Lost braces; missing escapes or markup?
32 | \item{global}{Logical. If \code{TRUE} ({default}), a global density plot is
| ^
Flavors: r-devel-linux-x86_64-debian-clang, r-devel-linux-x86_64-debian-gcc, r-devel-linux-x86_64-fedora-clang, r-devel-linux-x86_64-fedora-gcc, r-devel-windows-x86_64, r-patched-linux-x86_64, r-release-linux-x86_64, r-release-macos-arm64, r-release-macos-x86_64, r-release-windows-x86_64