Last updated on 2024-08-15 20:48:23 CEST.
Flavor | Version | Tinstall | Tcheck | Ttotal | Status | Flags |
---|---|---|---|---|---|---|
r-devel-linux-x86_64-debian-clang | 1.0.21 | 3.23 | 51.35 | 54.58 | NOTE | |
r-devel-linux-x86_64-debian-gcc | 1.0.21 | 2.53 | 39.42 | 41.95 | NOTE | |
r-devel-linux-x86_64-fedora-clang | 1.0.21 | 90.82 | NOTE | |||
r-devel-linux-x86_64-fedora-gcc | 1.0.21 | 99.94 | NOTE | |||
r-devel-windows-x86_64 | 1.0.21 | 4.00 | 173.00 | 177.00 | NOTE | |
r-patched-linux-x86_64 | 1.0.21 | 3.39 | 48.85 | 52.24 | NOTE | |
r-release-linux-x86_64 | 1.0.21 | 3.12 | 49.82 | 52.94 | NOTE | |
r-release-macos-arm64 | 1.0.21 | 48.00 | NOTE | |||
r-release-macos-x86_64 | 1.0.21 | 57.00 | NOTE | |||
r-release-windows-x86_64 | 1.0.21 | 5.00 | 74.00 | 79.00 | NOTE | |
r-oldrel-macos-arm64 | 1.0.21 | 39.00 | OK | |||
r-oldrel-macos-x86_64 | 1.0.21 | 62.00 | OK | |||
r-oldrel-windows-x86_64 | 1.0.21 | 5.00 | 142.00 | 147.00 | OK |
Version: 1.0.21
Check: Rd files
Result: NOTE
checkRd: (-1) prim.box.Rd:66: Lost braces in \itemize; meant \describe ?
checkRd: (-1) prim.box.Rd:68: Lost braces in \itemize; meant \describe ?
checkRd: (-1) prim.box.Rd:70: Lost braces in \itemize; meant \describe ?
Flavors: r-devel-linux-x86_64-debian-clang, r-devel-linux-x86_64-debian-gcc, r-devel-linux-x86_64-fedora-clang, r-devel-linux-x86_64-fedora-gcc, r-devel-windows-x86_64, r-patched-linux-x86_64, r-release-linux-x86_64, r-release-macos-arm64, r-release-macos-x86_64, r-release-windows-x86_64