Last updated on 2025-02-17 02:51:19 CET.
Flavor | Version | Tinstall | Tcheck | Ttotal | Status | Flags |
---|---|---|---|---|---|---|
r-devel-linux-x86_64-debian-clang | 0.1.0 | 6.53 | 48.52 | 55.05 | OK | |
r-devel-linux-x86_64-debian-gcc | 0.1.0 | 4.91 | 35.42 | 40.33 | OK | |
r-devel-linux-x86_64-fedora-clang | 0.1.0 | 86.16 | NOTE | |||
r-devel-linux-x86_64-fedora-gcc | 0.1.0 | 82.79 | NOTE | |||
r-devel-macos-arm64 | 0.1.0 | 33.00 | OK | |||
r-devel-macos-x86_64 | 0.1.0 | 67.00 | OK | |||
r-devel-windows-x86_64 | 0.1.0 | 9.00 | 71.00 | 80.00 | OK | |
r-patched-linux-x86_64 | 0.1.0 | 6.67 | 45.39 | 52.06 | OK | |
r-release-linux-x86_64 | 0.1.0 | 6.57 | 45.57 | 52.14 | OK | |
r-release-macos-arm64 | 0.1.0 | 30.00 | OK | |||
r-release-macos-x86_64 | 0.1.0 | 43.00 | OK | |||
r-release-windows-x86_64 | 0.1.0 | 9.00 | 71.00 | 80.00 | OK | |
r-oldrel-macos-arm64 | 0.1.0 | 30.00 | OK | |||
r-oldrel-macos-x86_64 | 0.1.0 | 44.00 | OK | |||
r-oldrel-windows-x86_64 | 0.1.0 | 15.00 | 77.00 | 92.00 | OK |
Version: 0.1.0
Check: dependencies in R code
Result: NOTE
Namespace in Imports field not imported from: ‘mapproj’
All declared Imports should be used.
Flavors: r-devel-linux-x86_64-fedora-clang, r-devel-linux-x86_64-fedora-gcc