Last updated on 2024-08-15 20:48:23 CEST.
Flavor | Version | Tinstall | Tcheck | Ttotal | Status | Flags |
---|---|---|---|---|---|---|
r-devel-linux-x86_64-debian-clang | 1.1-12 | 7.28 | 28.36 | 35.64 | OK | |
r-devel-linux-x86_64-debian-gcc | 1.1-12 | 5.07 | 21.41 | 26.48 | OK | |
r-devel-linux-x86_64-fedora-clang | 1.1-12 | 2.21 | ERROR | |||
r-devel-linux-x86_64-fedora-gcc | 1.1-12 | 56.20 | OK | |||
r-devel-windows-x86_64 | 1.1-12 | 11.00 | 53.00 | 64.00 | OK | |
r-patched-linux-x86_64 | 1.1-12 | 7.37 | 27.45 | 34.82 | OK | |
r-release-linux-x86_64 | 1.1-12 | 6.07 | 27.63 | 33.70 | OK | |
r-release-macos-arm64 | 1.1-12 | 22.00 | OK | |||
r-release-macos-x86_64 | 1.1-12 | 32.00 | OK | |||
r-release-windows-x86_64 | 1.1-12 | 12.00 | 55.00 | 67.00 | OK | |
r-oldrel-macos-arm64 | 1.1-12 | 23.00 | OK | |||
r-oldrel-macos-x86_64 | 1.1-12 | 31.00 | NOTE | |||
r-oldrel-windows-x86_64 | 1.1-12 | 15.00 | 57.00 | 72.00 | OK |
Version: 1.1-12
Check: package dependencies
Result: ERROR
Package required but not available: ‘tgp’
See section ‘The DESCRIPTION file’ in the ‘Writing R Extensions’
manual.
Flavor: r-devel-linux-x86_64-fedora-clang
Version: 1.1-12
Check: package dependencies
Result: NOTE
Package suggested but not available for checking: ‘ellipse’
Flavor: r-oldrel-macos-x86_64