Last updated on 2024-08-15 20:48:23 CEST.
Flavor | Version | Tinstall | Tcheck | Ttotal | Status | Flags |
---|---|---|---|---|---|---|
r-devel-linux-x86_64-debian-clang | 0.8.0 | 20.72 | 49.47 | 70.19 | NOTE | |
r-devel-linux-x86_64-debian-gcc | 0.8.0 | 15.43 | 35.75 | 51.18 | NOTE | |
r-devel-linux-x86_64-fedora-clang | 0.8.0 | 118.77 | NOTE | |||
r-devel-linux-x86_64-fedora-gcc | 0.8.0 | 138.72 | NOTE | |||
r-devel-windows-x86_64 | 0.8.0 | 24.00 | 97.00 | 121.00 | NOTE | |
r-patched-linux-x86_64 | 0.8.0 | 21.14 | 47.56 | 68.70 | NOTE | |
r-release-linux-x86_64 | 0.8.0 | 20.51 | 46.83 | 67.34 | NOTE | |
r-release-macos-arm64 | 0.8.0 | 44.00 | OK | |||
r-release-macos-x86_64 | 0.8.0 | 74.00 | OK | |||
r-release-windows-x86_64 | 0.8.0 | 24.00 | 97.00 | 121.00 | NOTE | |
r-oldrel-macos-arm64 | 0.8.0 | 47.00 | OK | |||
r-oldrel-macos-x86_64 | 0.8.0 | 122.00 | OK | |||
r-oldrel-windows-x86_64 | 0.8.0 | 28.00 | 110.00 | 138.00 | OK |
Version: 0.8.0
Check: HTML version of manual
Result: NOTE
Found the following HTML validation problems:
estimate.probability.html:33:1 (estimate.probability.Rd:25): Warning: trimming empty <li>
estimate.probability.html:35:1 (estimate.probability.Rd:26): Warning: trimming empty <li>
Flavors: r-devel-linux-x86_64-debian-clang, r-devel-linux-x86_64-debian-gcc, r-devel-linux-x86_64-fedora-clang, r-devel-linux-x86_64-fedora-gcc, r-devel-windows-x86_64, r-patched-linux-x86_64, r-release-linux-x86_64, r-release-windows-x86_64