Last updated on 2024-08-16 09:49:12 CEST.
Flavor | Version | Tinstall | Tcheck | Ttotal | Status | Flags |
---|---|---|---|---|---|---|
r-devel-linux-x86_64-debian-clang | 2.4.4 | 30.69 | 244.82 | 275.51 | NOTE | |
r-devel-linux-x86_64-debian-gcc | 2.4.4 | 20.16 | 151.96 | 172.12 | NOTE | |
r-devel-linux-x86_64-fedora-clang | 2.4.4 | 441.44 | OK | |||
r-devel-linux-x86_64-fedora-gcc | 2.4.4 | 416.98 | OK | |||
r-devel-windows-x86_64 | 2.4.4 | 29.00 | 204.00 | 233.00 | NOTE | |
r-patched-linux-x86_64 | 2.4.4 | 34.47 | 224.04 | 258.51 | OK | |
r-release-linux-x86_64 | 2.4.4 | 32.02 | 225.43 | 257.45 | OK | |
r-release-macos-arm64 | 2.4.4 | 88.00 | OK | |||
r-release-macos-x86_64 | 2.4.4 | 152.00 | OK | |||
r-release-windows-x86_64 | 2.4.4 | 29.00 | 202.00 | 231.00 | OK | |
r-oldrel-macos-arm64 | 2.4.4 | 92.00 | OK | |||
r-oldrel-macos-x86_64 | 2.4.4 | 195.00 | OK | |||
r-oldrel-windows-x86_64 | 2.4.4 | 39.00 | 266.00 | 305.00 | OK |
Version: 2.4.4
Check: Rd cross-references
Result: NOTE
Found the following Rd file(s) with Rd \link{} targets missing package
anchors:
PhenoBP.Rd: breakpoints
Please provide package anchors for all Rd \link{} targets not in the
package itself and the base packages.
Flavors: r-devel-linux-x86_64-debian-clang, r-devel-linux-x86_64-debian-gcc, r-devel-windows-x86_64