Last updated on 2024-08-15 20:48:22 CEST.
Flavor | Version | Tinstall | Tcheck | Ttotal | Status | Flags |
---|---|---|---|---|---|---|
r-devel-linux-x86_64-debian-clang | 1.13 | 6.58 | 23.95 | 30.53 | OK | |
r-devel-linux-x86_64-debian-gcc | 1.13 | 4.84 | 17.98 | 22.82 | OK | |
r-devel-linux-x86_64-fedora-clang | 1.13 | 48.96 | NOTE | |||
r-devel-linux-x86_64-fedora-gcc | 1.13 | 48.93 | NOTE | |||
r-devel-windows-x86_64 | 1.13 | 13.00 | 49.00 | 62.00 | OK | |
r-patched-linux-x86_64 | 1.13 | 6.56 | 23.00 | 29.56 | OK | |
r-release-linux-x86_64 | 1.13 | 6.45 | 22.99 | 29.44 | OK | |
r-release-macos-arm64 | 1.13 | 22.00 | OK | |||
r-release-macos-x86_64 | 1.13 | 29.00 | OK | |||
r-release-windows-x86_64 | 1.13 | 12.00 | 49.00 | 61.00 | OK | |
r-oldrel-macos-arm64 | 1.13 | 22.00 | OK | |||
r-oldrel-macos-x86_64 | 1.13 | 37.00 | OK | |||
r-oldrel-windows-x86_64 | 1.13 | 14.00 | 52.00 | 66.00 | OK |
Version: 1.13
Check: dependencies in R code
Result: NOTE
Namespaces in Imports field not imported from:
‘MASS’ ‘Rdpack’ ‘mclust’
All declared Imports should be used.
Flavors: r-devel-linux-x86_64-fedora-clang, r-devel-linux-x86_64-fedora-gcc