CRAN Package Check Results for Package packager

Last updated on 2025-02-17 02:51:18 CET.

Flavor Version Tinstall Tcheck Ttotal Status Flags
r-devel-linux-x86_64-debian-clang 1.15.2 4.76 188.38 193.14 NOTE
r-devel-linux-x86_64-debian-gcc 1.15.2 3.69 140.77 144.46 NOTE
r-devel-linux-x86_64-fedora-clang 1.15.2 305.79 NOTE
r-devel-linux-x86_64-fedora-gcc 1.15.2 314.66 NOTE
r-devel-macos-arm64 1.15.2 194.00 NOTE
r-devel-macos-x86_64 1.15.2 276.00 NOTE
r-devel-windows-x86_64 1.15.2 9.00 434.00 443.00 NOTE
r-patched-linux-x86_64 1.15.2 5.59 179.66 185.25 NOTE
r-release-linux-x86_64 1.15.2 4.38 179.44 183.82 NOTE
r-release-macos-arm64 1.15.2 170.00 NOTE
r-release-macos-x86_64 1.15.2 238.00 NOTE
r-release-windows-x86_64 1.15.2 8.00 413.00 421.00 ERROR
r-oldrel-macos-arm64 1.15.2 182.00 OK
r-oldrel-macos-x86_64 1.15.2 266.00 OK
r-oldrel-windows-x86_64 1.15.2 9.00 482.00 491.00 OK

Check Details

Version: 1.15.2
Check: Rd files
Result: NOTE checkRd: (-1) lint_package.Rd:20: Lost braces 20 | code{\link[lintr:lint_package]{lintr::lint_package}} where we hardcode the | ^ checkRd: (-1) provide_news_rd.Rd:22: Lost braces 22 | Christian Vonderach uses the index thus wants file{inst/NEWS.rd} to | ^ checkRd: (-1) provide_news_rd.Rd:23: Lost braces 23 | automatically be in sync with file{./NEWS.md}. | ^ Flavors: r-devel-linux-x86_64-debian-clang, r-devel-linux-x86_64-debian-gcc, r-devel-linux-x86_64-fedora-clang, r-devel-linux-x86_64-fedora-gcc, r-devel-macos-arm64, r-devel-macos-x86_64, r-devel-windows-x86_64, r-patched-linux-x86_64, r-release-linux-x86_64, r-release-macos-arm64, r-release-macos-x86_64, r-release-windows-x86_64

Version: 1.15.2
Check: Rd cross-references
Result: NOTE Found the following Rd file(s) with Rd \link{} targets missing package anchors: check_usage.Rd: checkUsagePackage Please provide package anchors for all Rd \link{} targets not in the package itself and the base packages. Flavors: r-devel-linux-x86_64-debian-clang, r-devel-linux-x86_64-debian-gcc, r-devel-windows-x86_64

Version: 1.15.2
Check: re-building of vignette outputs
Result: ERROR Error(s) in re-building vignettes: --- re-building 'An_Introduction_to_packager.Rasciidoc' using rasciidoc Warning in run_knit(file_name, knit = knit, envir = envir, write_to_disk = write_to_disk) : Setting option knit to TRUE based on the file contents! processing file: D:\RCompile\CRANpkg\local\4.4\packager.Rcheck\vign_test\packager\vignettes\An_Introduction_to_packager.Rasciidoc Flavor: r-release-windows-x86_64