Last updated on 2024-08-15 20:48:21 CEST.
Flavor | Version | Tinstall | Tcheck | Ttotal | Status | Flags |
---|---|---|---|---|---|---|
r-devel-linux-x86_64-debian-clang | 0.1.7 | 7.73 | 63.65 | 71.38 | OK | |
r-devel-linux-x86_64-debian-gcc | 0.1.7 | 5.92 | 47.37 | 53.29 | OK | |
r-devel-linux-x86_64-fedora-clang | 0.1.7 | 112.12 | NOTE | |||
r-devel-linux-x86_64-fedora-gcc | 0.1.7 | 105.30 | NOTE | |||
r-devel-windows-x86_64 | 0.1.7 | 9.00 | 75.00 | 84.00 | OK | |
r-patched-linux-x86_64 | 0.1.7 | 8.57 | 60.01 | 68.58 | OK | |
r-release-linux-x86_64 | 0.1.7 | 7.98 | 60.21 | 68.19 | OK | |
r-release-macos-arm64 | 0.1.7 | 36.00 | OK | |||
r-release-macos-x86_64 | 0.1.7 | 88.00 | OK | |||
r-release-windows-x86_64 | 0.1.7 | 9.00 | 76.00 | 85.00 | OK | |
r-oldrel-macos-arm64 | 0.1.7 | 50.00 | OK | |||
r-oldrel-macos-x86_64 | 0.1.7 | 78.00 | OK | |||
r-oldrel-windows-x86_64 | 0.1.7 | 12.00 | 89.00 | 101.00 | OK |
Version: 0.1.7
Check: data for non-ASCII characters
Result: NOTE
Note: found 1242 marked UTF-8 strings
Flavors: r-devel-linux-x86_64-fedora-clang, r-devel-linux-x86_64-fedora-gcc