Last updated on 2024-08-16 09:49:11 CEST.
Flavor | Version | Tinstall | Tcheck | Ttotal | Status | Flags |
---|---|---|---|---|---|---|
r-devel-linux-x86_64-debian-clang | 0.7-13 | 18.04 | 83.55 | 101.59 | OK | |
r-devel-linux-x86_64-debian-gcc | 0.7-13 | 10.21 | 56.30 | 66.51 | OK | |
r-devel-linux-x86_64-fedora-clang | 0.7-13 | 158.64 | NOTE | |||
r-devel-linux-x86_64-fedora-gcc | 0.7-13 | 310.63 | OK | |||
r-devel-windows-x86_64 | 0.7-13 | 21.00 | 105.00 | 126.00 | OK | |
r-patched-linux-x86_64 | 0.7-13 | 15.43 | 77.56 | 92.99 | OK | |
r-release-linux-x86_64 | 0.7-13 | 14.11 | 77.76 | 91.87 | OK | |
r-release-macos-arm64 | 0.7-13 | 93.00 | OK | |||
r-release-macos-x86_64 | 0.7-13 | 141.00 | OK | |||
r-release-windows-x86_64 | 0.7-13 | 22.00 | 106.00 | 128.00 | OK | |
r-oldrel-macos-arm64 | 0.7-13 | 102.00 | OK | |||
r-oldrel-macos-x86_64 | 0.7-13 | 231.00 | OK | |||
r-oldrel-windows-x86_64 | 0.7-13 | 26.00 | 117.00 | 143.00 | OK |
Version: 0.7-13
Check: installed package size
Result: NOTE
installed size is 5.1Mb
sub-directories of 1Mb or more:
doc 1.2Mb
libs 3.2Mb
Flavor: r-devel-linux-x86_64-fedora-clang